Last updated on 2024-06-10 12:50:23 CEST.
Flavor | Version | Tinstall | Tcheck | Ttotal | Status | Flags |
---|---|---|---|---|---|---|
r-devel-linux-x86_64-debian-clang | 2024.5.9 | 14.99 | 110.59 | 125.58 | OK | |
r-devel-linux-x86_64-debian-gcc | 2024.5.9 | 9.63 | 80.63 | 90.26 | OK | |
r-devel-linux-x86_64-fedora-clang | 2024.5.9 | 157.32 | NOTE | |||
r-devel-linux-x86_64-fedora-gcc | 2024.5.9 | 158.93 | OK | |||
r-devel-windows-x86_64 | 2024.5.9 | 11.00 | 100.00 | 111.00 | NOTE | |
r-patched-linux-x86_64 | 2024.5.9 | 10.39 | 103.98 | 114.37 | OK | |
r-release-linux-x86_64 | 2024.5.9 | 12.99 | 106.90 | 119.89 | OK | |
r-release-macos-arm64 | 2024.5.9 | 51.00 | NOTE | |||
r-release-macos-x86_64 | 2024.5.9 | 77.00 | NOTE | |||
r-release-windows-x86_64 | 2024.5.9 | 13.00 | 103.00 | 116.00 | NOTE | |
r-oldrel-macos-arm64 | 2024.5.9 | 48.00 | NOTE | |||
r-oldrel-macos-x86_64 | 2024.5.9 | 118.00 | NOTE | |||
r-oldrel-windows-x86_64 | 2024.5.9 | 16.00 | 109.00 | 125.00 | NOTE |
Version: 2024.5.9
Check: installed package size
Result: NOTE
installed size is 5.3Mb
sub-directories of 1Mb or more:
doc 4.9Mb
Flavors: r-devel-linux-x86_64-fedora-clang, r-devel-windows-x86_64, r-release-macos-arm64, r-release-macos-x86_64, r-release-windows-x86_64, r-oldrel-macos-arm64, r-oldrel-macos-x86_64, r-oldrel-windows-x86_64