Last updated on 2024-06-10 06:50:04 CEST.
Flavor | Version | Tinstall | Tcheck | Ttotal | Status | Flags |
---|---|---|---|---|---|---|
r-devel-linux-x86_64-debian-clang | 0.2.10 | 58.39 | 123.28 | 181.67 | OK | |
r-devel-linux-x86_64-debian-gcc | 0.2.10 | 42.28 | 89.43 | 131.71 | OK | |
r-devel-linux-x86_64-fedora-clang | 0.2.10 | 230.27 | OK | |||
r-devel-linux-x86_64-fedora-gcc | 0.2.10 | 254.06 | OK | |||
r-devel-windows-x86_64 | 0.2.10 | 46.00 | 133.00 | 179.00 | OK | |
r-patched-linux-x86_64 | 0.2.10 | 51.78 | 122.66 | 174.44 | OK | |
r-release-linux-x86_64 | 0.2.10 | 43.70 | 120.27 | 163.97 | OK | |
r-release-macos-arm64 | 0.2.10 | 68.00 | NOTE | |||
r-release-macos-x86_64 | 0.2.10 | 213.00 | NOTE | |||
r-release-windows-x86_64 | 0.2.10 | 44.00 | 137.00 | 181.00 | OK | |
r-oldrel-macos-arm64 | 0.2.10 | 74.00 | NOTE | |||
r-oldrel-macos-x86_64 | 0.2.10 | 161.00 | NOTE | |||
r-oldrel-windows-x86_64 | 0.2.10 | 55.00 | 158.00 | 213.00 | OK |
Version: 0.2.10
Check: installed package size
Result: NOTE
installed size is 13.0Mb
sub-directories of 1Mb or more:
libs 12.7Mb
Flavors: r-release-macos-arm64, r-release-macos-x86_64, r-oldrel-macos-arm64, r-oldrel-macos-x86_64