Last updated on 2024-06-18 00:57:24 CEST.
Flavor | Version | Tinstall | Tcheck | Ttotal | Status | Flags |
---|---|---|---|---|---|---|
r-devel-linux-x86_64-debian-clang | 1.0.11 | 21.81 | 249.00 | 270.81 | OK | |
r-devel-linux-x86_64-debian-gcc | 1.0.11 | 18.61 | 177.72 | 196.33 | OK | |
r-devel-linux-x86_64-fedora-clang | 1.0.11 | 324.50 | NOTE | |||
r-devel-linux-x86_64-fedora-gcc | 1.0.11 | 308.35 | NOTE | |||
r-devel-windows-x86_64 | 1.0.11 | 22.00 | 249.00 | 271.00 | OK | |
r-patched-linux-x86_64 | 1.0.11 | 22.35 | 239.96 | 262.31 | OK | |
r-release-linux-x86_64 | 1.0.11 | 15.81 | 236.47 | 252.28 | OK | |
r-release-macos-arm64 | 1.0.11 | 88.00 | NOTE | |||
r-release-macos-x86_64 | 1.0.11 | 129.00 | OK | |||
r-release-windows-x86_64 | 1.0.11 | 23.00 | 228.00 | 251.00 | OK | |
r-oldrel-macos-arm64 | 1.0.11 | 96.00 | OK | |||
r-oldrel-macos-x86_64 | 1.0.11 | 181.00 | OK | |||
r-oldrel-windows-x86_64 | 1.0.11 | 29.00 | 320.00 | 349.00 | OK |
Version: 1.0.11
Check: data for non-ASCII characters
Result: NOTE
Note: found 1 marked UTF-8 string
Flavors: r-devel-linux-x86_64-fedora-clang, r-devel-linux-x86_64-fedora-gcc
Version: 1.0.11
Check: package dependencies
Result: NOTE
Package suggested but not available for checking: ‘testthat’
Flavor: r-release-macos-arm64