Last updated on 2024-06-10 12:50:27 CEST.
Flavor | Version | Tinstall | Tcheck | Ttotal | Status | Flags |
---|---|---|---|---|---|---|
r-devel-linux-x86_64-debian-clang | 2.0.2 | 67.03 | 271.60 | 338.63 | OK | |
r-devel-linux-x86_64-debian-gcc | 2.0.3 | 60.82 | 192.33 | 253.15 | OK | |
r-devel-linux-x86_64-fedora-clang | 2.0.3 | 402.56 | OK | |||
r-devel-linux-x86_64-fedora-gcc | 2.0.3 | 402.10 | OK | |||
r-devel-windows-x86_64 | 2.0.3 | 53.00 | 232.00 | 285.00 | OK | |
r-patched-linux-x86_64 | 2.0.2 | 61.87 | 250.81 | 312.68 | OK | |
r-release-linux-x86_64 | 2.0.3 | 64.46 | 255.04 | 319.50 | OK | |
r-release-macos-arm64 | 2.0.3 | 99.00 | NOTE | |||
r-release-macos-x86_64 | 2.0.3 | 300.00 | NOTE | |||
r-release-windows-x86_64 | 2.0.2 | 62.00 | 220.00 | 282.00 | OK | |
r-oldrel-macos-arm64 | 2.0.3 | 119.00 | NOTE | |||
r-oldrel-macos-x86_64 | 2.0.3 | 212.00 | NOTE | |||
r-oldrel-windows-x86_64 | 2.0.2 | 62.00 | 257.00 | 319.00 | OK |
Version: 2.0.3
Check: installed package size
Result: NOTE
installed size is 5.2Mb
sub-directories of 1Mb or more:
data 1.9Mb
libs 2.0Mb
Flavors: r-release-macos-arm64, r-release-macos-x86_64, r-oldrel-macos-arm64, r-oldrel-macos-x86_64