Last updated on 2024-08-14 18:49:42 CEST.
Flavor | Version | Tinstall | Tcheck | Ttotal | Status | Flags |
---|---|---|---|---|---|---|
r-devel-linux-x86_64-debian-clang | 1.5 | 2.88 | 49.34 | 52.22 | OK | |
r-devel-linux-x86_64-debian-gcc | 1.5 | 1.93 | 32.75 | 34.68 | OK | |
r-devel-linux-x86_64-fedora-clang | 1.5 | 74.99 | NOTE | |||
r-devel-linux-x86_64-fedora-gcc | 1.5 | 85.69 | OK | |||
r-devel-windows-x86_64 | 1.5 | 5.00 | 68.00 | 73.00 | NOTE | |
r-patched-linux-x86_64 | 1.5 | 2.41 | 43.55 | 45.96 | OK | |
r-release-linux-x86_64 | 1.5 | 2.51 | 42.60 | 45.11 | OK | |
r-release-macos-arm64 | 1.5 | 38.00 | NOTE | |||
r-release-macos-x86_64 | 1.5 | 50.00 | NOTE | |||
r-release-windows-x86_64 | 1.5 | 6.00 | 66.00 | 72.00 | NOTE | |
r-oldrel-macos-arm64 | 1.5 | 41.00 | NOTE | |||
r-oldrel-macos-x86_64 | 1.5 | 86.00 | NOTE | |||
r-oldrel-windows-x86_64 | 1.5 | 5.00 | 75.00 | 80.00 | NOTE |
Version: 1.5
Check: installed package size
Result: NOTE
installed size is 5.1Mb
sub-directories of 1Mb or more:
extdata 4.9Mb
Flavors: r-devel-linux-x86_64-fedora-clang, r-devel-windows-x86_64, r-release-macos-arm64, r-release-macos-x86_64, r-release-windows-x86_64, r-oldrel-macos-arm64, r-oldrel-macos-x86_64, r-oldrel-windows-x86_64