Last updated on 2024-06-10 06:50:10 CEST.
Flavor | Version | Tinstall | Tcheck | Ttotal | Status | Flags |
---|---|---|---|---|---|---|
r-devel-linux-x86_64-debian-clang | 1.1 | 144.89 | 35.56 | 180.45 | NOTE | |
r-devel-linux-x86_64-debian-gcc | 1.1 | 96.54 | 27.27 | 123.81 | NOTE | |
r-devel-linux-x86_64-fedora-clang | 1.1 | 264.90 | NOTE | |||
r-devel-linux-x86_64-fedora-gcc | 1.1 | 269.08 | NOTE | |||
r-devel-windows-x86_64 | 1.1 | 107.00 | 70.00 | 177.00 | NOTE | |
r-patched-linux-x86_64 | 1.1 | 114.62 | 33.78 | 148.40 | NOTE | |
r-release-linux-x86_64 | 1.1 | 115.94 | 34.30 | 150.24 | NOTE | |
r-release-macos-arm64 | 1.1 | 42.00 | NOTE | |||
r-release-macos-x86_64 | 1.1 | 46.00 | NOTE | |||
r-release-windows-x86_64 | 1.1 | 105.00 | 71.00 | 176.00 | NOTE | |
r-oldrel-macos-arm64 | 1.1 | 59.00 | NOTE | |||
r-oldrel-macos-x86_64 | 1.1 | 101.00 | NOTE | |||
r-oldrel-windows-x86_64 | 1.1 | 127.00 | 85.00 | 212.00 | NOTE |
Version: 1.1
Check: C++ specification
Result: NOTE
Specified C++11: please drop specification unless essential
Flavors: r-devel-linux-x86_64-debian-clang, r-devel-linux-x86_64-debian-gcc, r-devel-linux-x86_64-fedora-clang, r-devel-linux-x86_64-fedora-gcc, r-devel-windows-x86_64, r-patched-linux-x86_64, r-release-linux-x86_64, r-release-macos-arm64, r-release-macos-x86_64, r-release-windows-x86_64, r-oldrel-macos-arm64, r-oldrel-macos-x86_64, r-oldrel-windows-x86_64
Version: 1.1
Check: installed package size
Result: NOTE
installed size is 5.0Mb
sub-directories of 1Mb or more:
data 3.5Mb
libs 1.3Mb
Flavors: r-devel-windows-x86_64, r-release-macos-arm64, r-release-macos-x86_64, r-release-windows-x86_64, r-oldrel-macos-arm64, r-oldrel-macos-x86_64, r-oldrel-windows-x86_64