Last updated on 2024-06-10 12:50:32 CEST.
Flavor | Version | Tinstall | Tcheck | Ttotal | Status | Flags |
---|---|---|---|---|---|---|
r-devel-linux-x86_64-debian-clang | 1.5.16 | 550.82 | 106.08 | 656.90 | OK | |
r-devel-linux-x86_64-debian-gcc | 1.5.16 | 436.82 | 80.73 | 517.55 | OK | |
r-devel-linux-x86_64-fedora-clang | 1.5.16 | 999.72 | OK | |||
r-devel-linux-x86_64-fedora-gcc | 1.5.16 | 1108.30 | OK | |||
r-devel-windows-x86_64 | 1.5.16 | 447.00 | 191.00 | 638.00 | OK | |
r-patched-linux-x86_64 | 1.5.16 | 548.81 | 108.73 | 657.54 | OK | |
r-release-linux-x86_64 | 1.5.16 | 539.03 | 103.64 | 642.67 | OK | |
r-release-macos-arm64 | 1.5.16 | 208.00 | NOTE | |||
r-release-macos-x86_64 | 1.5.16 | 208.00 | NOTE | |||
r-release-windows-x86_64 | 1.5.16 | 447.00 | 189.00 | 636.00 | OK | |
r-oldrel-macos-arm64 | 1.5.16 | 213.00 | NOTE | |||
r-oldrel-macos-x86_64 | 1.5.16 | 238.00 | NOTE | |||
r-oldrel-windows-x86_64 | 1.5.16 | 541.00 | 206.00 | 747.00 | OK |
Version: 1.5.16
Check: installed package size
Result: NOTE
installed size is 26.6Mb
sub-directories of 1Mb or more:
libs 24.1Mb
Flavors: r-release-macos-arm64, r-release-macos-x86_64, r-oldrel-macos-arm64, r-oldrel-macos-x86_64