Last updated on 2024-06-10 12:50:35 CEST.
Flavor | Version | Tinstall | Tcheck | Ttotal | Status | Flags |
---|---|---|---|---|---|---|
r-devel-linux-x86_64-debian-clang | 1.0-1 | 18.67 | 135.99 | 154.66 | NOTE | |
r-devel-linux-x86_64-debian-gcc | 1.0-1 | 12.04 | 99.17 | 111.21 | NOTE | |
r-devel-linux-x86_64-fedora-clang | 1.0-1 | 205.43 | NOTE | |||
r-devel-linux-x86_64-fedora-gcc | 1.0-1 | 176.86 | NOTE | |||
r-devel-windows-x86_64 | 1.0-1 | 15.00 | 106.00 | 121.00 | NOTE | |
r-patched-linux-x86_64 | 1.0-1 | 21.33 | 128.00 | 149.33 | NOTE | |
r-release-linux-x86_64 | 1.0-1 | 11.39 | 128.89 | 140.28 | NOTE | |
r-release-macos-arm64 | 1.0-1 | 50.00 | NOTE | |||
r-release-macos-x86_64 | 1.0-1 | 75.00 | NOTE | |||
r-release-windows-x86_64 | 1.0-1 | 14.00 | 108.00 | 122.00 | NOTE | |
r-oldrel-macos-arm64 | 1.0-1 | 59.00 | NOTE | |||
r-oldrel-macos-x86_64 | 1.0-1 | 89.00 | NOTE | |||
r-oldrel-windows-x86_64 | 1.0-1 | 21.00 | 131.00 | 152.00 | NOTE |
Version: 1.0-1
Check: package subdirectories
Result: NOTE
Problems with news in ‘NEWS.md’:
No news entries found.
Flavors: r-devel-linux-x86_64-debian-clang, r-devel-linux-x86_64-debian-gcc, r-devel-linux-x86_64-fedora-clang, r-devel-linux-x86_64-fedora-gcc, r-devel-windows-x86_64, r-patched-linux-x86_64, r-release-linux-x86_64, r-release-macos-arm64, r-release-macos-x86_64, r-release-windows-x86_64, r-oldrel-macos-arm64, r-oldrel-macos-x86_64, r-oldrel-windows-x86_64