Last updated on 2024-06-10 06:50:17 CEST.
Flavor | Version | Tinstall | Tcheck | Ttotal | Status | Flags |
---|---|---|---|---|---|---|
r-devel-linux-x86_64-debian-clang | 1.2.1 | 24.06 | 208.45 | 232.51 | OK | |
r-devel-linux-x86_64-debian-gcc | 1.2.1 | 17.71 | 146.43 | 164.14 | OK | |
r-devel-linux-x86_64-fedora-clang | 1.2.1 | 280.67 | NOTE | |||
r-devel-linux-x86_64-fedora-gcc | 1.2.1 | 266.13 | OK | |||
r-devel-windows-x86_64 | 1.2.1 | 19.00 | 148.00 | 167.00 | OK | |
r-patched-linux-x86_64 | 1.2.1 | 24.14 | 194.11 | 218.25 | OK | |
r-release-linux-x86_64 | 1.2.1 | 18.38 | 195.60 | 213.98 | OK | |
r-release-macos-arm64 | 1.2.1 | 67.00 | OK | |||
r-release-macos-x86_64 | 1.2.1 | 140.00 | OK | |||
r-release-windows-x86_64 | 1.2.1 | 19.00 | 151.00 | 170.00 | OK | |
r-oldrel-macos-arm64 | 1.2.1 | 84.00 | OK | |||
r-oldrel-macos-x86_64 | 1.2.1 | 187.00 | OK | |||
r-oldrel-windows-x86_64 | 1.2.1 | 23.00 | 189.00 | 212.00 | OK |
Version: 1.2.1
Check: Rd cross-references
Result: NOTE
Undeclared package ‘ROptEst’ in Rd xrefs
Flavor: r-devel-linux-x86_64-fedora-clang