Last updated on 2024-06-10 06:50:03 CEST.
Flavor | Version | Tinstall | Tcheck | Ttotal | Status | Flags |
---|---|---|---|---|---|---|
r-devel-linux-x86_64-debian-clang | 0.11.1 | 17.19 | 605.87 | 623.06 | OK | |
r-devel-linux-x86_64-debian-gcc | 0.11.1 | 11.80 | 425.38 | 437.18 | OK | |
r-devel-linux-x86_64-fedora-clang | 0.11.1 | 742.27 | NOTE | |||
r-devel-linux-x86_64-fedora-gcc | 0.11.1 | 716.55 | OK | |||
r-devel-windows-x86_64 | 0.11.1 | 14.00 | 458.00 | 472.00 | OK | |
r-patched-linux-x86_64 | 0.11.1 | 18.92 | 570.83 | 589.75 | OK | |
r-release-linux-x86_64 | 0.11.1 | 13.81 | 579.44 | 593.25 | OK | |
r-release-macos-arm64 | 0.11.1 | 233.00 | OK | |||
r-release-macos-x86_64 | 0.11.1 | 331.00 | OK | |||
r-release-windows-x86_64 | 0.11.1 | 14.00 | 459.00 | 473.00 | OK | |
r-oldrel-macos-arm64 | 0.11.1 | 236.00 | OK | |||
r-oldrel-macos-x86_64 | 0.11.1 | 532.00 | OK | |||
r-oldrel-windows-x86_64 | 0.11.1 | 18.00 | 588.00 | 606.00 | OK |
Version: 0.11.1
Check: Rd cross-references
Result: NOTE
Undeclared packages ‘timereg’, ‘rms’, ‘ranger’ in Rd xrefs
Flavor: r-devel-linux-x86_64-fedora-clang