Last updated on 2024-08-16 06:49:55 CEST.
Flavor | Version | Tinstall | Tcheck | Ttotal | Status | Flags |
---|---|---|---|---|---|---|
r-devel-linux-x86_64-debian-clang | 1.15 | 5.92 | 62.86 | 68.78 | OK | |
r-devel-linux-x86_64-debian-gcc | 1.15 | 5.96 | 45.37 | 51.33 | OK | |
r-devel-linux-x86_64-fedora-clang | 1.15 | 111.58 | NOTE | |||
r-devel-linux-x86_64-fedora-gcc | 1.15 | 107.39 | NOTE | |||
r-devel-windows-x86_64 | 1.15 | 10.00 | 81.00 | 91.00 | OK | |
r-patched-linux-x86_64 | 1.15 | 8.19 | 59.19 | 67.38 | OK | |
r-release-linux-x86_64 | 1.15 | 6.39 | 59.17 | 65.56 | OK | |
r-release-macos-arm64 | 1.15 | 36.00 | OK | |||
r-release-macos-x86_64 | 1.15 | 89.00 | OK | |||
r-release-windows-x86_64 | 1.15 | 11.00 | 83.00 | 94.00 | OK | |
r-oldrel-macos-arm64 | 1.15 | 40.00 | OK | |||
r-oldrel-macos-x86_64 | 1.15 | 62.00 | OK | |||
r-oldrel-windows-x86_64 | 1.15 | 15.00 | 98.00 | 113.00 | OK |
Version: 1.15
Check: compiled code
Result: NOTE
File ‘ahaz/libs/ahaz.so’:
Found no calls to: ‘R_registerRoutines’, ‘R_useDynamicSymbols’
It is good practice to register native routines and to disable symbol
search.
See ‘Writing portable packages’ in the ‘Writing R Extensions’ manual.
Flavors: r-devel-linux-x86_64-fedora-clang, r-devel-linux-x86_64-fedora-gcc