Last updated on 2024-06-10 06:50:04 CEST.
Flavor | Version | Tinstall | Tcheck | Ttotal | Status | Flags |
---|---|---|---|---|---|---|
r-devel-linux-x86_64-debian-clang | 3.0.4 | 7.17 | 31.21 | 38.38 | NOTE | |
r-devel-linux-x86_64-debian-gcc | 3.0.4 | 3.44 | 23.09 | 26.53 | NOTE | |
r-devel-linux-x86_64-fedora-clang | 3.0.4 | 49.49 | NOTE | |||
r-devel-linux-x86_64-fedora-gcc | 3.0.4 | 44.56 | NOTE | |||
r-devel-windows-x86_64 | 3.0.4 | 7.00 | 46.00 | 53.00 | NOTE | |
r-patched-linux-x86_64 | 3.0.4 | 4.49 | 28.95 | 33.44 | NOTE | |
r-release-linux-x86_64 | 3.0.4 | 5.65 | 29.31 | 34.96 | NOTE | |
r-release-macos-arm64 | 3.0.4 | 18.00 | NOTE | |||
r-release-macos-x86_64 | 3.0.4 | 30.00 | NOTE | |||
r-release-windows-x86_64 | 3.0.4 | 9.00 | 48.00 | 57.00 | NOTE | |
r-oldrel-macos-arm64 | 3.0.4 | 22.00 | OK | |||
r-oldrel-macos-x86_64 | 3.0.4 | 43.00 | OK | |||
r-oldrel-windows-x86_64 | 3.0.4 | 10.00 | 49.00 | 59.00 | OK |
Version: 3.0.4
Check: Rd files
Result: NOTE
checkRd: (-1) bayesDccGarch.Rd:91: Lost braces; missing escapes or markup?
91 | \item{$H_n1 }{ Bayesian prediction of volatilities and co-volatilities for y_{n+1}.}
| ^
checkRd: (-1) bayesDccGarch.Rd:92: Lost braces; missing escapes or markup?
92 | \item{$R_n1 }{ Bayesian prediction of coditional correlation for y_{n+1}.}
| ^
Flavors: r-devel-linux-x86_64-debian-clang, r-devel-linux-x86_64-debian-gcc, r-devel-linux-x86_64-fedora-clang, r-devel-linux-x86_64-fedora-gcc, r-devel-windows-x86_64, r-patched-linux-x86_64, r-release-linux-x86_64, r-release-macos-arm64, r-release-macos-x86_64, r-release-windows-x86_64