Last updated on 2024-06-10 06:50:06 CEST.
Flavor | Version | Tinstall | Tcheck | Ttotal | Status | Flags |
---|---|---|---|---|---|---|
r-devel-linux-x86_64-debian-clang | 1.7.4 | 40.86 | 79.42 | 120.28 | NOTE | |
r-devel-linux-x86_64-debian-gcc | 1.7.4 | 24.95 | 59.83 | 84.78 | NOTE | |
r-devel-linux-x86_64-fedora-clang | 1.7.4 | 165.28 | NOTE | |||
r-devel-linux-x86_64-fedora-gcc | 1.7.4 | 171.53 | NOTE | |||
r-devel-windows-x86_64 | 1.7.4 | 31.00 | 107.00 | 138.00 | NOTE | |
r-patched-linux-x86_64 | 1.7.4 | 33.80 | 79.81 | 113.61 | NOTE | |
r-release-linux-x86_64 | 1.7.4 | 28.55 | 79.26 | 107.81 | NOTE | |
r-release-macos-arm64 | 1.7.4 | 52.00 | NOTE | |||
r-release-macos-x86_64 | 1.7.4 | 70.00 | NOTE | |||
r-release-windows-x86_64 | 1.7.4 | 30.00 | 112.00 | 142.00 | NOTE | |
r-oldrel-macos-arm64 | 1.7.4 | 56.00 | NOTE | |||
r-oldrel-macos-x86_64 | 1.7.4 | 88.00 | NOTE | |||
r-oldrel-windows-x86_64 | 1.7.4 | 31.00 | 156.00 | 187.00 | NOTE |
Version: 1.7.4
Check: C++ specification
Result: NOTE
Specified C++11: please drop specification unless essential
Flavors: r-devel-linux-x86_64-debian-clang, r-devel-linux-x86_64-debian-gcc, r-devel-linux-x86_64-fedora-clang, r-devel-linux-x86_64-fedora-gcc, r-devel-windows-x86_64, r-patched-linux-x86_64, r-release-linux-x86_64, r-release-macos-arm64, r-release-macos-x86_64, r-release-windows-x86_64, r-oldrel-macos-arm64, r-oldrel-macos-x86_64, r-oldrel-windows-x86_64