Last updated on 2024-06-10 06:50:07 CEST.
Flavor | Version | Tinstall | Tcheck | Ttotal | Status | Flags |
---|---|---|---|---|---|---|
r-devel-linux-x86_64-debian-clang | 0.11.0 | 16.08 | 409.91 | 425.99 | OK | |
r-devel-linux-x86_64-debian-gcc | 0.11.0 | 13.64 | 254.41 | 268.05 | OK | |
r-devel-linux-x86_64-fedora-clang | 0.11.0 | 527.41 | OK | |||
r-devel-linux-x86_64-fedora-gcc | 0.11.0 | 444.60 | OK | |||
r-devel-windows-x86_64 | 0.11.0 | 15.00 | 265.00 | 280.00 | OK | |
r-patched-linux-x86_64 | 0.11.0 | 11.11 | 333.58 | 344.69 | OK | |
r-release-linux-x86_64 | 0.11.0 | 16.18 | 333.59 | 349.77 | OK | |
r-release-macos-arm64 | 0.11.0 | 178.00 | OK | |||
r-release-macos-x86_64 | 0.11.0 | 229.00 | OK | |||
r-release-windows-x86_64 | 0.11.0 | 16.00 | 268.00 | 284.00 | OK | |
r-oldrel-macos-arm64 | 0.11.0 | 159.00 | WARN | |||
r-oldrel-macos-x86_64 | 0.11.0 | 228.00 | WARN | |||
r-oldrel-windows-x86_64 | 0.11.0 | 20.00 | 307.00 | 327.00 | WARN |
Version: 0.11.0
Check: Rd files
Result: WARN
checkRd: (5) ePCR.Rd:0-17: Must have a \description
Flavors: r-oldrel-macos-arm64, r-oldrel-macos-x86_64, r-oldrel-windows-x86_64