Last updated on 2024-06-10 06:50:07 CEST.
Flavor | Version | Tinstall | Tcheck | Ttotal | Status | Flags |
---|---|---|---|---|---|---|
r-devel-linux-x86_64-debian-clang | 0.1.7 | 9.98 | 83.04 | 93.02 | OK | |
r-devel-linux-x86_64-debian-gcc | 0.1.7 | 6.18 | 57.95 | 64.13 | OK | |
r-devel-linux-x86_64-fedora-clang | 0.1.7 | 93.98 | NOTE | |||
r-devel-linux-x86_64-fedora-gcc | 0.1.7 | 101.31 | NOTE | |||
r-devel-windows-x86_64 | 0.1.7 | 9.00 | 75.00 | 84.00 | OK | |
r-patched-linux-x86_64 | 0.1.7 | 7.11 | 74.69 | 81.80 | OK | |
r-release-linux-x86_64 | 0.1.7 | 5.88 | 77.38 | 83.26 | OK | |
r-release-macos-arm64 | 0.1.7 | 42.00 | OK | |||
r-release-macos-x86_64 | 0.1.7 | 52.00 | OK | |||
r-release-windows-x86_64 | 0.1.7 | 9.00 | 74.00 | 83.00 | OK | |
r-oldrel-macos-arm64 | 0.1.7 | 11.00 | ERROR | |||
r-oldrel-macos-x86_64 | 0.1.7 | 12.00 | ERROR | |||
r-oldrel-windows-x86_64 | 0.1.7 | 10.00 | 130.00 | 140.00 | OK |
Version: 0.1.7
Check: data for non-ASCII characters
Result: NOTE
Note: found 2 marked UTF-8 strings
Flavors: r-devel-linux-x86_64-fedora-clang, r-devel-linux-x86_64-fedora-gcc
Version: 0.1.7
Check: package dependencies
Result: ERROR
Package required but not available: ‘HDF5Array’
See section ‘The DESCRIPTION file’ in the ‘Writing R Extensions’
manual.
Flavors: r-oldrel-macos-arm64, r-oldrel-macos-x86_64