Last updated on 2024-06-10 06:50:08 CEST.
Flavor | Version | Tinstall | Tcheck | Ttotal | Status | Flags |
---|---|---|---|---|---|---|
r-devel-linux-x86_64-debian-clang | 0.2.0 | 35.85 | 221.52 | 257.37 | OK | |
r-devel-linux-x86_64-debian-gcc | 0.2.0 | 33.11 | 160.74 | 193.85 | OK | |
r-devel-linux-x86_64-fedora-clang | 0.2.0 | 331.61 | NOTE | |||
r-devel-linux-x86_64-fedora-gcc | 0.2.0 | 321.46 | NOTE | |||
r-devel-windows-x86_64 | 0.2.0 | 28.00 | 152.00 | 180.00 | OK | |
r-patched-linux-x86_64 | 0.2.0 | 33.86 | 209.74 | 243.60 | OK | |
r-release-linux-x86_64 | 0.2.0 | 35.82 | 199.41 | 235.23 | OK | |
r-release-macos-arm64 | 0.2.0 | 82.00 | OK | |||
r-release-macos-x86_64 | 0.2.0 | 120.00 | OK | |||
r-release-windows-x86_64 | 0.2.0 | 27.00 | 159.00 | 186.00 | OK | |
r-oldrel-macos-arm64 | 0.2.0 | 79.00 | OK | |||
r-oldrel-macos-x86_64 | 0.2.0 | 195.00 | OK | |||
r-oldrel-windows-x86_64 | 0.2.0 | 37.00 | 210.00 | 247.00 | OK |
Version: 0.2.0
Check: dependencies in R code
Result: NOTE
Namespace in Imports field not imported from: ‘tidyverse’
All declared Imports should be used.
Flavors: r-devel-linux-x86_64-fedora-clang, r-devel-linux-x86_64-fedora-gcc