Last updated on 2024-06-10 06:50:09 CEST.
Flavor | Version | Tinstall | Tcheck | Ttotal | Status | Flags |
---|---|---|---|---|---|---|
r-devel-linux-x86_64-debian-clang | 0.9 | 2.38 | 37.26 | 39.64 | OK | |
r-devel-linux-x86_64-debian-gcc | 0.9 | 1.99 | 28.87 | 30.86 | OK | |
r-devel-linux-x86_64-fedora-clang | 0.9 | 52.09 | NOTE | |||
r-devel-linux-x86_64-fedora-gcc | 0.9 | 46.24 | NOTE | |||
r-devel-windows-x86_64 | 0.9 | 4.00 | 187.00 | 191.00 | OK | |
r-patched-linux-x86_64 | 0.9 | 2.13 | 37.23 | 39.36 | OK | |
r-release-linux-x86_64 | 0.9 | 1.58 | 36.87 | 38.45 | OK | |
r-release-macos-arm64 | 0.9 | 35.00 | OK | |||
r-release-macos-x86_64 | 0.9 | 49.00 | OK | |||
r-release-windows-x86_64 | 0.9 | 4.00 | 230.00 | 234.00 | OK | |
r-oldrel-macos-arm64 | 0.9 | 8.00 | ERROR | |||
r-oldrel-macos-x86_64 | 0.9 | 43.00 | OK | |||
r-oldrel-windows-x86_64 | 0.9 | 4.00 | 170.00 | 174.00 | OK |
Version: 0.9
Check: dependencies in R code
Result: NOTE
Namespaces in Imports field not imported from:
‘BiocManager’ ‘R.utils’ ‘markdown’
All declared Imports should be used.
Flavors: r-devel-linux-x86_64-fedora-clang, r-devel-linux-x86_64-fedora-gcc
Version: 0.9
Check: package dependencies
Result: ERROR
Package required but not available: ‘GEOquery’
See section ‘The DESCRIPTION file’ in the ‘Writing R Extensions’
manual.
Flavor: r-oldrel-macos-arm64