Last updated on 2024-06-10 06:50:11 CEST.
Flavor | Version | Tinstall | Tcheck | Ttotal | Status | Flags |
---|---|---|---|---|---|---|
r-devel-linux-x86_64-debian-clang | 2.2.2 | 13.00 | 202.49 | 215.49 | NOTE | |
r-devel-linux-x86_64-debian-gcc | 2.2.2 | 11.37 | 142.44 | 153.81 | NOTE | |
r-devel-linux-x86_64-fedora-clang | 2.2.2 | 271.23 | NOTE | |||
r-devel-linux-x86_64-fedora-gcc | 2.2.2 | 320.92 | NOTE | |||
r-devel-windows-x86_64 | 2.2.2 | 13.00 | 156.00 | 169.00 | NOTE | |
r-patched-linux-x86_64 | 2.2.2 | 16.05 | 185.75 | 201.80 | NOTE | |
r-release-linux-x86_64 | 2.2.2 | 14.04 | 190.69 | 204.73 | NOTE | |
r-release-macos-arm64 | 2.2.2 | 96.00 | NOTE | |||
r-release-macos-x86_64 | 2.2.2 | 155.00 | NOTE | |||
r-release-windows-x86_64 | 2.2.2 | 15.00 | 166.00 | 181.00 | NOTE | |
r-oldrel-macos-arm64 | 2.2.2 | 82.00 | OK | |||
r-oldrel-macos-x86_64 | 2.2.2 | 144.00 | OK | |||
r-oldrel-windows-x86_64 | 2.2.2 | 18.00 | 192.00 | 210.00 | OK |
Version: 2.2.2
Check: Rd files
Result: NOTE
checkRd: (-1) export_summs.Rd:26: Lost braces; missing escapes or markup?
26 | Default: "({std.error})"}
| ^
Flavors: r-devel-linux-x86_64-debian-clang, r-devel-linux-x86_64-debian-gcc, r-devel-linux-x86_64-fedora-clang, r-devel-linux-x86_64-fedora-gcc, r-devel-windows-x86_64, r-patched-linux-x86_64, r-release-linux-x86_64, r-release-macos-arm64, r-release-macos-x86_64, r-release-windows-x86_64