Last updated on 2024-06-18 00:57:33 CEST.
Flavor | Version | Tinstall | Tcheck | Ttotal | Status | Flags |
---|---|---|---|---|---|---|
r-devel-linux-x86_64-debian-clang | 0.1.0 | 53.99 | 122.30 | 176.29 | OK | |
r-devel-linux-x86_64-debian-gcc | 0.1.0 | 40.95 | 88.10 | 129.05 | OK | |
r-devel-linux-x86_64-fedora-clang | 0.1.0 | 231.20 | OK | |||
r-devel-linux-x86_64-fedora-gcc | 0.1.0 | 226.64 | OK | |||
r-devel-windows-x86_64 | 0.1.0 | 46.00 | 118.00 | 164.00 | OK | |
r-patched-linux-x86_64 | 0.1.0 | 54.81 | 116.71 | 171.52 | OK | |
r-release-linux-x86_64 | 0.1.0 | 51.48 | 117.99 | 169.47 | OK | |
r-release-macos-arm64 | 0.1.0 | 58.00 | NOTE | |||
r-release-macos-x86_64 | 0.1.0 | 87.00 | NOTE | |||
r-release-windows-x86_64 | 0.1.0 | 45.00 | 124.00 | 169.00 | OK | |
r-oldrel-macos-arm64 | 0.1.0 | 62.00 | NOTE | |||
r-oldrel-macos-x86_64 | 0.1.0 | 156.00 | NOTE | |||
r-oldrel-windows-x86_64 | 0.1.0 | 58.00 | 143.00 | 201.00 | OK |
Version: 0.1.0
Check: installed package size
Result: NOTE
installed size is 5.1Mb
sub-directories of 1Mb or more:
libs 3.1Mb
tinytest 1.6Mb
Flavors: r-release-macos-arm64, r-release-macos-x86_64, r-oldrel-macos-arm64, r-oldrel-macos-x86_64