Last updated on 2024-06-10 06:50:14 CEST.
Flavor | Version | Tinstall | Tcheck | Ttotal | Status | Flags |
---|---|---|---|---|---|---|
r-devel-linux-x86_64-debian-clang | 0.8.0 | 37.28 | 91.81 | 129.09 | OK | |
r-devel-linux-x86_64-debian-gcc | 0.8.0 | 27.00 | 64.62 | 91.62 | OK | |
r-devel-linux-x86_64-fedora-clang | 0.8.0 | 175.28 | OK | |||
r-devel-linux-x86_64-fedora-gcc | 0.8.0 | 149.52 | OK | |||
r-devel-windows-x86_64 | 0.8.0 | 29.00 | 98.00 | 127.00 | OK | |
r-patched-linux-x86_64 | 0.8.0 | 36.75 | 86.48 | 123.23 | OK | |
r-release-linux-x86_64 | 0.8.0 | 31.23 | 87.94 | 119.17 | OK | |
r-release-macos-arm64 | 0.8.0 | 38.00 | NOTE | |||
r-release-macos-x86_64 | 0.8.0 | 57.00 | NOTE | |||
r-release-windows-x86_64 | 0.8.0 | 31.00 | 103.00 | 134.00 | OK | |
r-oldrel-macos-arm64 | 0.8.0 | 41.00 | NOTE | |||
r-oldrel-macos-x86_64 | 0.8.0 | 70.00 | NOTE | |||
r-oldrel-windows-x86_64 | 0.8.0 | 32.00 | 120.00 | 152.00 | OK |
Version: 0.8.0
Check: package dependencies
Result: NOTE
Package suggested but not available for checking: ‘Rmpi’
Flavors: r-release-macos-arm64, r-release-macos-x86_64, r-oldrel-macos-arm64, r-oldrel-macos-x86_64