Last updated on 2024-06-10 06:50:15 CEST.
Flavor | Version | Tinstall | Tcheck | Ttotal | Status | Flags |
---|---|---|---|---|---|---|
r-devel-linux-x86_64-debian-clang | 2.4.0.2 | 27.85 | 213.44 | 241.29 | OK | |
r-devel-linux-x86_64-debian-gcc | 2.4.0.2 | 23.01 | 155.31 | 178.32 | OK | |
r-devel-linux-x86_64-fedora-clang | 2.4.0.2 | 301.61 | NOTE | |||
r-devel-linux-x86_64-fedora-gcc | 2.4.0.2 | 308.04 | NOTE | |||
r-devel-windows-x86_64 | 2.4.0.2 | 23.00 | 144.00 | 167.00 | OK | |
r-patched-linux-x86_64 | 2.4.0.2 | 28.39 | 202.20 | 230.59 | OK | |
r-release-linux-x86_64 | 2.4.0.2 | 25.10 | 202.52 | 227.62 | OK | |
r-release-macos-arm64 | 2.4.0.2 | 75.00 | OK | |||
r-release-macos-x86_64 | 2.4.0.2 | 107.00 | OK | |||
r-release-windows-x86_64 | 2.4.0.2 | 24.00 | 149.00 | 173.00 | OK | |
r-oldrel-macos-arm64 | 2.4.0.2 | 89.00 | OK | |||
r-oldrel-macos-x86_64 | 2.4.0.2 | 136.00 | OK | |||
r-oldrel-windows-x86_64 | 2.4.0.2 | 30.00 | 178.00 | 208.00 | OK |
Version: 2.4.0.2
Check: dependencies in R code
Result: NOTE
Namespaces in Imports field not imported from:
‘ActCR’ ‘ActFrag’ ‘tidyr’
All declared Imports should be used.
Flavors: r-devel-linux-x86_64-fedora-clang, r-devel-linux-x86_64-fedora-gcc