Last updated on 2024-08-14 18:49:50 CEST.
Flavor | Version | Tinstall | Tcheck | Ttotal | Status | Flags |
---|---|---|---|---|---|---|
r-devel-linux-x86_64-debian-clang | 1.3.2 | 140.34 | 167.14 | 307.48 | OK | |
r-devel-linux-x86_64-debian-gcc | 1.3.2 | 108.71 | 176.51 | 285.22 | OK | |
r-devel-linux-x86_64-fedora-clang | 1.3.2 | 624.52 | OK | |||
r-devel-linux-x86_64-fedora-gcc | 1.3.2 | 700.99 | OK | |||
r-devel-windows-x86_64 | 1.3.2 | 155.00 | 191.00 | 346.00 | OK | |
r-patched-linux-x86_64 | 1.3.2 | 148.14 | 329.98 | 478.12 | OK | |
r-release-linux-x86_64 | 1.3.2 | 146.46 | 289.24 | 435.70 | OK | |
r-release-macos-arm64 | 1.3.2 | 134.00 | NOTE | |||
r-release-macos-x86_64 | 1.3.2 | 186.00 | NOTE | |||
r-release-windows-x86_64 | 1.3.2 | 159.00 | 188.00 | 347.00 | OK | |
r-oldrel-macos-arm64 | 1.3.2 | 150.00 | NOTE | |||
r-oldrel-macos-x86_64 | 1.3.2 | 274.00 | NOTE | |||
r-oldrel-windows-x86_64 | 1.3.2 | 186.00 | 228.00 | 414.00 | OK |
Version: 1.3.2
Check: installed package size
Result: NOTE
installed size is 14.9Mb
sub-directories of 1Mb or more:
doc 1.4Mb
libs 12.8Mb
Flavors: r-release-macos-arm64, r-release-macos-x86_64, r-oldrel-macos-arm64, r-oldrel-macos-x86_64