Last updated on 2024-06-10 12:50:35 CEST.
Flavor | Version | Tinstall | Tcheck | Ttotal | Status | Flags |
---|---|---|---|---|---|---|
r-devel-linux-x86_64-debian-clang | 0.2.4 | 71.94 | 273.45 | 345.39 | OK | |
r-devel-linux-x86_64-debian-gcc | 0.2.4 | 53.43 | 192.19 | 245.62 | OK | |
r-devel-linux-x86_64-fedora-clang | 0.2.4 | 480.73 | OK | |||
r-devel-linux-x86_64-fedora-gcc | 0.2.4 | 478.27 | OK | |||
r-devel-windows-x86_64 | 0.2.4 | 66.00 | 191.00 | 257.00 | OK | |
r-patched-linux-x86_64 | 0.2.4 | 70.93 | 257.85 | 328.78 | OK | |
r-release-linux-x86_64 | 0.2.4 | 64.86 | 258.43 | 323.29 | OK | |
r-release-macos-arm64 | 0.2.4 | 124.00 | NOTE | |||
r-release-macos-x86_64 | 0.2.4 | 174.00 | NOTE | |||
r-release-windows-x86_64 | 0.2.4 | 68.00 | 193.00 | 261.00 | OK | |
r-oldrel-macos-arm64 | 0.2.4 | 78.00 | NOTE | |||
r-oldrel-macos-x86_64 | 0.2.4 | 130.00 | NOTE | |||
r-oldrel-windows-x86_64 | 0.2.4 | 62.00 | 240.00 | 302.00 | OK |
Version: 0.2.4
Check: installed package size
Result: NOTE
installed size is 6.4Mb
sub-directories of 1Mb or more:
libs 5.4Mb
Flavors: r-release-macos-arm64, r-release-macos-x86_64, r-oldrel-macos-arm64, r-oldrel-macos-x86_64