Last updated on 2024-06-10 12:50:36 CEST.
Flavor | Version | Tinstall | Tcheck | Ttotal | Status | Flags |
---|---|---|---|---|---|---|
r-devel-linux-x86_64-debian-clang | 0.2.0 | 3.25 | 41.94 | 45.19 | OK | |
r-devel-linux-x86_64-debian-gcc | 0.2.0 | 2.97 | 33.12 | 36.09 | OK | |
r-devel-linux-x86_64-fedora-clang | 0.2.0 | 59.20 | NOTE | |||
r-devel-linux-x86_64-fedora-gcc | 0.2.0 | 53.79 | NOTE | |||
r-devel-windows-x86_64 | 0.2.0 | 4.00 | 122.00 | 126.00 | OK | |
r-patched-linux-x86_64 | 0.2.0 | 2.38 | 41.64 | 44.02 | OK | |
r-release-linux-x86_64 | 0.2.0 | 2.30 | 40.86 | 43.16 | OK | |
r-release-macos-arm64 | 0.2.0 | 22.00 | OK | |||
r-release-macos-x86_64 | 0.2.0 | 34.00 | OK | |||
r-release-windows-x86_64 | 0.2.0 | 4.00 | 58.00 | 62.00 | OK | |
r-oldrel-macos-arm64 | 0.2.0 | 23.00 | OK | |||
r-oldrel-macos-x86_64 | 0.2.0 | 34.00 | OK | |||
r-oldrel-windows-x86_64 | 0.2.0 | 5.00 | 62.00 | 67.00 | OK |
Version: 0.2.0
Check: data for non-ASCII characters
Result: NOTE
Note: found 3 marked UTF-8 strings
Flavors: r-devel-linux-x86_64-fedora-clang, r-devel-linux-x86_64-fedora-gcc