Last updated on 2024-08-14 18:49:53 CEST.
Flavor | Version | Tinstall | Tcheck | Ttotal | Status | Flags |
---|---|---|---|---|---|---|
r-devel-linux-x86_64-debian-clang | 0.2.4 | 3.52 | 36.32 | 39.84 | OK | |
r-devel-linux-x86_64-debian-gcc | 0.2.4 | 2.54 | 27.64 | 30.18 | OK | |
r-devel-linux-x86_64-fedora-clang | 0.2.4 | 64.77 | NOTE | |||
r-devel-linux-x86_64-fedora-gcc | 0.2.4 | 74.31 | NOTE | |||
r-devel-windows-x86_64 | 0.2.4 | 5.00 | 55.00 | 60.00 | OK | |
r-patched-linux-x86_64 | 0.2.4 | 3.04 | 34.18 | 37.22 | OK | |
r-release-linux-x86_64 | 0.2.4 | 3.56 | 34.76 | 38.32 | OK | |
r-release-macos-arm64 | 0.2.4 | 26.00 | OK | |||
r-release-macos-x86_64 | 0.2.4 | 42.00 | OK | |||
r-release-windows-x86_64 | 0.2.4 | 5.00 | 56.00 | 61.00 | OK | |
r-oldrel-macos-arm64 | 0.2.4 | 32.00 | OK | |||
r-oldrel-macos-x86_64 | 0.2.4 | 45.00 | OK | |||
r-oldrel-windows-x86_64 | 0.2.4 | 6.00 | 60.00 | 66.00 | OK |
Version: 0.2.4
Check: data for non-ASCII characters
Result: NOTE
Note: found 4250 marked UTF-8 strings
Flavors: r-devel-linux-x86_64-fedora-clang, r-devel-linux-x86_64-fedora-gcc