Last updated on 2024-06-10 06:50:20 CEST.
Flavor | Version | Tinstall | Tcheck | Ttotal | Status | Flags |
---|---|---|---|---|---|---|
r-devel-linux-x86_64-debian-clang | 0.9.1 | 5.25 | 46.71 | 51.96 | OK | |
r-devel-linux-x86_64-debian-gcc | 0.9.1 | 3.57 | 36.44 | 40.01 | OK | |
r-devel-linux-x86_64-fedora-clang | 0.9.1 | 67.23 | NOTE | |||
r-devel-linux-x86_64-fedora-gcc | 0.9.1 | 75.70 | NOTE | |||
r-devel-windows-x86_64 | 0.9.1 | 5.00 | 56.00 | 61.00 | OK | |
r-patched-linux-x86_64 | 0.9.1 | 5.13 | 44.44 | 49.57 | OK | |
r-release-linux-x86_64 | 0.9.1 | 3.45 | 45.86 | 49.31 | OK | |
r-release-macos-arm64 | 0.9.1 | 29.00 | OK | |||
r-release-macos-x86_64 | 0.9.1 | 42.00 | OK | |||
r-release-windows-x86_64 | 0.9.1 | 5.00 | 58.00 | 63.00 | OK | |
r-oldrel-macos-arm64 | 0.9.1 | 32.00 | OK | |||
r-oldrel-macos-x86_64 | 0.9.1 | 44.00 | OK | |||
r-oldrel-windows-x86_64 | 0.9.1 | 7.00 | 60.00 | 67.00 | OK |
Version: 0.9.1
Check: data for non-ASCII characters
Result: NOTE
Note: found 34206 marked UTF-8 strings
Flavors: r-devel-linux-x86_64-fedora-clang, r-devel-linux-x86_64-fedora-gcc