CRAN Package Check Results for Package ringscale

Last updated on 2014-12-18 16:47:10.

Flavor Version Tinstall Tcheck Ttotal Status Flags
r-devel-linux-x86_64-debian-clang 0.1.2 0.70 11.58 12.27 NOTE
r-devel-linux-x86_64-debian-gcc 0.1.2 0.69 11.51 12.20 NOTE
r-devel-linux-x86_64-fedora-clang 0.1.2 25.21 NOTE
r-devel-linux-x86_64-fedora-gcc 0.1.2 22.42 NOTE
r-devel-osx-x86_64-clang 0.1.2 28.37 NOTE
r-devel-windows-ix86+x86_64 0.1.2 3.00 20.00 23.00 NOTE
r-patched-linux-x86_64 0.1.2 0.79 11.60 12.40 NOTE
r-patched-solaris-sparc 0.1.2 141.10 NOTE
r-patched-solaris-x86 0.1.2 38.60 NOTE
r-release-linux-ix86 0.1.2 1.03 17.95 18.98 NOTE
r-release-linux-x86_64 0.1.2 0.70 11.75 12.45 NOTE
r-release-osx-x86_64-mavericks 0.1.2 NOTE
r-release-osx-x86_64-snowleopard 0.1.2 NOTE
r-release-windows-ix86+x86_64 0.1.2 3.00 25.00 28.00 NOTE
r-oldrel-windows-ix86+x86_64 0.1.2 3.00 29.00 32.00 NOTE

Check Details

Version: 0.1.2
Check: dependencies in R code
Result: NOTE
    'library' or 'require' calls to packages already attached by Depends:
     ‘FITSio’ ‘tcltk’
     Please remove these calls from your code.
    See the information on DESCRIPTION files in the chapter ‘Creating R
    packages’ of the ‘Writing R Extensions’ manual.
Flavors: r-devel-linux-x86_64-debian-clang, r-devel-linux-x86_64-debian-gcc, r-devel-linux-x86_64-fedora-clang, r-devel-linux-x86_64-fedora-gcc, r-devel-osx-x86_64-clang, r-devel-windows-ix86+x86_64, r-patched-linux-x86_64, r-patched-solaris-sparc, r-patched-solaris-x86, r-release-linux-ix86, r-release-linux-x86_64, r-release-osx-x86_64-mavericks, r-release-osx-x86_64-snowleopard, r-release-windows-ix86+x86_64, r-oldrel-windows-ix86+x86_64

Version: 0.1.2
Check: R code for possible problems
Result: NOTE
    NB: .First.lib is obsolete and will not be used in R >= 3.0.0
    File ‘ringscale/R/zzz.R’:
     .First.lib calls:
     cat("The ringscale package has been loaded\nFor some help, try '?ringscale' or visit http://ringscale.haase-zm.de\nFor a quick start, use 'analyze()'\n")
    
    Package startup functions should use ‘packageStartupMessage’ to
     generate messages.
    See section ‘Good practice’ in '?.onAttach'.
Flavors: r-devel-linux-x86_64-debian-clang, r-devel-linux-x86_64-debian-gcc, r-devel-linux-x86_64-fedora-clang, r-devel-linux-x86_64-fedora-gcc, r-devel-osx-x86_64-clang, r-devel-windows-ix86+x86_64, r-patched-linux-x86_64, r-patched-solaris-sparc, r-patched-solaris-x86, r-release-linux-ix86, r-release-linux-x86_64, r-release-osx-x86_64-mavericks, r-release-osx-x86_64-snowleopard, r-release-windows-ix86+x86_64, r-oldrel-windows-ix86+x86_64