Last updated on 2024-07-19 12:53:14 CEST.
Flavor | Version | Tinstall | Tcheck | Ttotal | Status | Flags |
---|---|---|---|---|---|---|
r-devel-linux-x86_64-debian-clang | 1.0-7 | 30.02 | 290.72 | 320.74 | OK | |
r-devel-linux-x86_64-debian-gcc | 1.0-7 | 21.94 | 293.54 | 315.48 | OK | |
r-devel-linux-x86_64-fedora-clang | 1.0-7 | 424.87 | OK | |||
r-devel-windows-x86_64 | 1.0-7 | 30.00 | 154.00 | 184.00 | NOTE | --no-vignettes |
r-patched-linux-x86_64 | 1.0-7 | 28.12 | 351.60 | 379.72 | OK | |
r-release-linux-x86_64 | 1.0-7 | 29.35 | 354.61 | 383.96 | OK | |
r-release-macos-arm64 | 1.0-7 | 193.00 | OK | |||
r-release-macos-x86_64 | 1.0-7 | 306.00 | OK | |||
r-release-windows-x86_64 | 1.0-7 | 29.00 | 163.00 | 192.00 | OK | --no-vignettes |
r-oldrel-macos-arm64 | 1.0-7 | 198.00 | OK | |||
r-oldrel-macos-x86_64 | 1.0-7 | 371.00 | OK | |||
r-oldrel-windows-x86_64 | 1.0-7 | 35.00 | 133.00 | 168.00 | OK | --no-vignettes |
Version: 1.0-7
Flags: --no-vignettes
Check: Rd cross-references
Result: NOTE
Found the following Rd file(s) with Rd \link{} targets missing package
anchors:
alignCross.Rd: subset.cross
heatMap.Rd: plotRF
Please provide package anchors for all Rd \link{} targets not in the
package itself and the base packages.
Flavor: r-devel-windows-x86_64