Last updated on 2024-06-14 12:57:33 CEST.
Flavor | Version | Tinstall | Tcheck | Ttotal | Status | Flags |
---|---|---|---|---|---|---|
r-devel-linux-x86_64-debian-clang | 1.0-0 | 12.42 | 122.25 | 134.67 | NOTE | |
r-devel-linux-x86_64-debian-gcc | 1.0-0 | 11.15 | 89.94 | 101.09 | NOTE | |
r-devel-linux-x86_64-fedora-clang | 1.0-0 | 178.86 | NOTE | |||
r-devel-linux-x86_64-fedora-gcc | 1.0-0 | 171.95 | NOTE | |||
r-devel-windows-x86_64 | 1.0-0 | 13.00 | 110.00 | 123.00 | NOTE | |
r-patched-linux-x86_64 | 1.0-0 | 11.74 | 116.17 | 127.91 | NOTE | |
r-release-linux-x86_64 | 1.0-0 | 13.32 | 115.85 | 129.17 | NOTE | |
r-release-macos-arm64 | 1.0-0 | 46.00 | NOTE | |||
r-release-macos-x86_64 | 1.0-0 | 67.00 | NOTE | |||
r-release-windows-x86_64 | 1.0-0 | 15.00 | 115.00 | 130.00 | NOTE | |
r-oldrel-macos-arm64 | 1.0-0 | 42.00 | NOTE | |||
r-oldrel-macos-x86_64 | 1.0-0 | 65.00 | NOTE | |||
r-oldrel-windows-x86_64 | 1.0-0 | 17.00 | 194.00 | 211.00 | NOTE |
Version: 1.0-0
Check: Rd files
Result: NOTE
checkRd: (-1) PV_post_triang_3.Rd:7: Escaped LaTeX specials: \_ \_
checkRd: (-1) PV_post_triang_3.Rd:22: Escaped LaTeX specials: \_ \_
checkRd: (-1) PV_pre_triang_3.Rd:7: Escaped LaTeX specials: \_ \_
checkRd: (-1) PV_pre_triang_3.Rd:22: Escaped LaTeX specials: \_ \_
Flavors: r-devel-linux-x86_64-debian-clang, r-devel-linux-x86_64-debian-gcc, r-devel-linux-x86_64-fedora-clang, r-devel-linux-x86_64-fedora-gcc, r-devel-windows-x86_64, r-patched-linux-x86_64, r-release-linux-x86_64, r-release-macos-arm64, r-release-macos-x86_64, r-release-windows-x86_64, r-oldrel-macos-arm64, r-oldrel-macos-x86_64, r-oldrel-windows-x86_64