Last updated on 2024-07-19 12:53:14 CEST.
Flavor | Version | Tinstall | Tcheck | Ttotal | Status | Flags |
---|---|---|---|---|---|---|
r-devel-linux-x86_64-debian-clang | 0.1.0 | 30.19 | 371.48 | 401.67 | NOTE | |
r-devel-linux-x86_64-debian-gcc | 0.1.0 | 26.58 | 266.29 | 292.87 | NOTE | |
r-devel-linux-x86_64-fedora-clang | 0.1.0 | 500.36 | NOTE | |||
r-devel-windows-x86_64 | 0.1.0 | 29.00 | 220.00 | 249.00 | NOTE | |
r-patched-linux-x86_64 | 0.1.0 | 36.65 | 345.51 | 382.16 | NOTE | |
r-release-linux-x86_64 | 0.1.0 | 33.67 | 355.59 | 389.26 | NOTE | |
r-release-macos-arm64 | 0.1.0 | 124.00 | NOTE | |||
r-release-macos-x86_64 | 0.1.0 | 214.00 | NOTE | |||
r-release-windows-x86_64 | 0.1.0 | 27.00 | 222.00 | 249.00 | NOTE | |
r-oldrel-macos-arm64 | 0.1.0 | 135.00 | OK | |||
r-oldrel-macos-x86_64 | 0.1.0 | 222.00 | OK | |||
r-oldrel-windows-x86_64 | 0.1.0 | 40.00 | 299.00 | 339.00 | OK |
Version: 0.1.0
Check: Rd files
Result: NOTE
checkRd: (-1) calcEto.Rd:63-64: Lost braces
63 | \code{ET.Daily:} {daily estimations of reference crop evapotranspiration
| ^
checkRd: (-1) calcEto.Rd:66-67: Lost braces
66 | \code{Ra.Daily:} {daily estimations of extraterristrial radiation
| ^
checkRd: (-1) calcEto.Rd:69-70: Lost braces
69 | \code{Slope.Daily:} {daily estimations of slope of vapour pressure curve
| ^
checkRd: (-1) calcEto.Rd:72: Lost braces; missing escapes or markup?
72 | \code{ET.type:} {type of the estimation obtained}
| ^
Flavors: r-devel-linux-x86_64-debian-clang, r-devel-linux-x86_64-debian-gcc, r-devel-linux-x86_64-fedora-clang, r-devel-windows-x86_64, r-patched-linux-x86_64, r-release-linux-x86_64, r-release-macos-arm64, r-release-macos-x86_64, r-release-windows-x86_64