Last updated on 2024-06-25 12:53:09 CEST.
Flavor | Version | Tinstall | Tcheck | Ttotal | Status | Flags |
---|---|---|---|---|---|---|
r-devel-linux-x86_64-debian-clang | 3.2.5 | 58.24 | 139.01 | 197.25 | OK | |
r-devel-linux-x86_64-debian-gcc | 3.2.5 | 38.84 | 100.39 | 139.23 | OK | |
r-devel-linux-x86_64-fedora-clang | 3.2.5 | 256.49 | OK | |||
r-devel-linux-x86_64-fedora-gcc | 3.2.5 | 249.85 | OK | |||
r-devel-windows-x86_64 | 3.2.5 | 47.00 | 142.00 | 189.00 | NOTE | |
r-patched-linux-x86_64 | 3.2.5 | 53.33 | 128.34 | 181.67 | OK | |
r-release-linux-x86_64 | 3.2.5 | 46.45 | 131.36 | 177.81 | OK | |
r-release-macos-arm64 | 3.2.5 | 68.00 | OK | |||
r-release-macos-x86_64 | 3.2.5 | 102.00 | OK | |||
r-release-windows-x86_64 | 3.2.5 | 49.00 | 138.00 | 187.00 | NOTE | |
r-oldrel-macos-arm64 | 3.2.5 | 70.00 | OK | |||
r-oldrel-macos-x86_64 | 3.2.5 | 117.00 | OK | |||
r-oldrel-windows-x86_64 | 3.2.5 | 61.00 | 173.00 | 234.00 | NOTE |
Version: 3.2.5
Check: C++ specification
Result: NOTE
Specified C++11: please drop specification unless essential
Flavors: r-devel-windows-x86_64, r-release-windows-x86_64, r-oldrel-windows-x86_64