Last updated on 2024-07-20 06:49:14 CEST.
Flavor | Version | Tinstall | Tcheck | Ttotal | Status | Flags |
---|---|---|---|---|---|---|
r-devel-linux-x86_64-debian-clang | 0.9.12-4.7 | 242.73 | 458.52 | 701.25 | OK | |
r-devel-linux-x86_64-debian-gcc | 0.9.12-4.7 | 165.47 | 360.76 | 526.23 | OK | |
r-devel-linux-x86_64-fedora-clang | 0.9.12-4.7 | 1069.90 | NOTE | |||
r-devel-linux-x86_64-fedora-gcc | 0.9.12-4.7 | 1099.38 | OK | |||
r-devel-windows-x86_64 | 0.9.12-4.7 | 192.00 | 286.00 | 478.00 | NOTE | |
r-patched-linux-x86_64 | 0.9.12-4.7 | 274.00 | 451.89 | 725.89 | OK | |
r-release-linux-x86_64 | 0.9.12-4.7 | 273.02 | 456.78 | 729.80 | OK | |
r-release-macos-arm64 | 0.9.12-4.7 | 186.00 | NOTE | |||
r-release-macos-x86_64 | 0.9.12-4.7 | 237.00 | NOTE | |||
r-release-windows-x86_64 | 0.9.12-4.7 | 239.00 | 282.00 | 521.00 | NOTE | |
r-oldrel-macos-arm64 | 0.9.12-4.7 | 190.00 | NOTE | |||
r-oldrel-macos-x86_64 | 0.9.12-4.7 | 399.00 | NOTE | |||
r-oldrel-windows-x86_64 | 0.9.12-4.7 | 295.00 | 351.00 | 646.00 | NOTE |
Version: 0.9.12-4.7
Check: installed package size
Result: NOTE
installed size is 12.5Mb
sub-directories of 1Mb or more:
doc 10.9Mb
Flavors: r-devel-linux-x86_64-fedora-clang, r-devel-windows-x86_64, r-release-macos-arm64, r-release-macos-x86_64, r-release-windows-x86_64, r-oldrel-macos-arm64, r-oldrel-macos-x86_64, r-oldrel-windows-x86_64
Version: 0.9.12-4.7
Check: package dependencies
Result: NOTE
Package suggested but not available for checking: 'doMC'
Flavors: r-devel-windows-x86_64, r-release-windows-x86_64, r-oldrel-windows-x86_64