Last updated on 2024-08-16 06:49:56 CEST.
Flavor | Version | Tinstall | Tcheck | Ttotal | Status | Flags |
---|---|---|---|---|---|---|
r-devel-linux-x86_64-debian-clang | 0.3.11 | 66.06 | 120.33 | 186.39 | NOTE | |
r-devel-linux-x86_64-debian-gcc | 0.3.11 | 47.54 | 89.94 | 137.48 | NOTE | |
r-devel-linux-x86_64-fedora-clang | 0.3.11 | 294.84 | OK | |||
r-devel-linux-x86_64-fedora-gcc | 0.3.11 | 313.41 | OK | |||
r-devel-windows-x86_64 | 0.3.11 | 59.00 | 149.00 | 208.00 | NOTE | |
r-patched-linux-x86_64 | 0.3.11 | 74.14 | 117.39 | 191.53 | NOTE | |
r-release-linux-x86_64 | 0.3.11 | 68.27 | 117.88 | 186.15 | NOTE | |
r-release-macos-arm64 | 0.3.11 | 80.00 | NOTE | |||
r-release-macos-x86_64 | 0.3.11 | 193.00 | NOTE | |||
r-release-windows-x86_64 | 0.3.11 | 68.00 | 148.00 | 216.00 | OK | |
r-oldrel-macos-arm64 | 0.3.11 | 83.00 | NOTE | |||
r-oldrel-macos-x86_64 | 0.3.11 | 147.00 | NOTE | |||
r-oldrel-windows-x86_64 | 0.3.11 | 79.00 | 186.00 | 265.00 | NOTE |
Version: 0.3.11
Check: package dependencies
Result: NOTE
Package suggested but not available for checking: ‘INLA’
Flavors: r-devel-linux-x86_64-debian-clang, r-devel-linux-x86_64-debian-gcc, r-patched-linux-x86_64, r-release-linux-x86_64, r-release-macos-arm64, r-release-macos-x86_64, r-oldrel-macos-arm64, r-oldrel-macos-x86_64, r-oldrel-windows-x86_64
Version: 0.3.11
Check: Rd cross-references
Result: NOTE
Found the following Rd file(s) with Rd \link{} targets missing package
anchors:
id_activations.posterior.Rd: excursions.inla
Please provide package anchors for all Rd \link{} targets not in the
package itself and the base packages.
Flavors: r-devel-linux-x86_64-debian-clang, r-devel-linux-x86_64-debian-gcc, r-devel-windows-x86_64
Version: 0.3.11
Check: installed package size
Result: NOTE
installed size is 17.0Mb
sub-directories of 1Mb or more:
libs 16.6Mb
Flavors: r-release-macos-arm64, r-release-macos-x86_64, r-oldrel-macos-arm64, r-oldrel-macos-x86_64