Last updated on 2024-07-21 18:54:07 CEST.
Flavor | Version | Tinstall | Tcheck | Ttotal | Status | Flags |
---|---|---|---|---|---|---|
r-devel-linux-x86_64-debian-clang | 0.32 | 31.03 | 75.92 | 106.95 | OK | |
r-devel-linux-x86_64-debian-gcc | 0.32 | 22.21 | 53.94 | 76.15 | NOTE | |
r-devel-linux-x86_64-fedora-clang | 0.32 | 144.49 | OK | |||
r-devel-linux-x86_64-fedora-gcc | 0.32 | 143.57 | OK | |||
r-devel-windows-x86_64 | 0.32 | 28.00 | 99.00 | 127.00 | NOTE | |
r-patched-linux-x86_64 | 0.32 | 36.62 | 70.26 | 106.88 | OK | |
r-release-linux-x86_64 | 0.32 | 31.19 | 71.29 | 102.48 | OK | |
r-release-macos-arm64 | 0.32 | 38.00 | OK | |||
r-release-macos-x86_64 | 0.32 | 54.00 | OK | |||
r-release-windows-x86_64 | 0.32 | 33.00 | 98.00 | 131.00 | OK | |
r-oldrel-macos-arm64 | 0.32 | 43.00 | OK | |||
r-oldrel-macos-x86_64 | 0.32 | 84.00 | OK | |||
r-oldrel-windows-x86_64 | 0.32 | 33.00 | 111.00 | 144.00 | OK |
Version: 0.32
Check: Rd cross-references
Result: NOTE
Found the following Rd file(s) with Rd \link{} targets missing package
anchors:
sfa.Rd: ucminf
Please provide package anchors for all Rd \link{} targets not in the
package itself and the base packages.
Flavors: r-devel-linux-x86_64-debian-gcc, r-devel-windows-x86_64