Last updated on 2024-07-20 12:48:05 CEST.
Flavor | Version | Tinstall | Tcheck | Ttotal | Status | Flags |
---|---|---|---|---|---|---|
r-devel-linux-x86_64-debian-clang | 4.0 | 156.04 | 319.05 | 475.09 | OK | |
r-devel-linux-x86_64-debian-gcc | 4.0 | 78.17 | 233.79 | 311.96 | OK | |
r-devel-linux-x86_64-fedora-clang | 4.0 | 546.31 | OK | |||
r-devel-linux-x86_64-fedora-gcc | 4.0 | 535.10 | OK | |||
r-devel-windows-x86_64 | 4.0 | 79.00 | 244.00 | 323.00 | OK | |
r-patched-linux-x86_64 | 4.0 | 103.00 | 308.18 | 411.18 | OK | |
r-release-linux-x86_64 | 4.0 | 85.15 | 308.71 | 393.86 | OK | |
r-release-macos-arm64 | 4.0 | 133.00 | NOTE | |||
r-release-macos-x86_64 | 4.0 | 226.00 | NOTE | |||
r-release-windows-x86_64 | 4.0 | 79.00 | 242.00 | 321.00 | OK | |
r-oldrel-macos-arm64 | 4.0 | 176.00 | NOTE | |||
r-oldrel-macos-x86_64 | 4.0 | 298.00 | NOTE | |||
r-oldrel-windows-x86_64 | 4.0 | 101.00 | 296.00 | 397.00 | OK |
Version: 4.0
Check: installed package size
Result: NOTE
installed size is 8.1Mb
sub-directories of 1Mb or more:
R 1.0Mb
libs 5.9Mb
Flavors: r-release-macos-arm64, r-release-macos-x86_64, r-oldrel-macos-arm64, r-oldrel-macos-x86_64