Last updated on 2024-06-29 12:48:12 CEST.
Flavor | Version | Tinstall | Tcheck | Ttotal | Status | Flags |
---|---|---|---|---|---|---|
r-devel-linux-x86_64-debian-clang | 1.3.0 | 2.23 | 58.32 | 60.55 | NOTE | |
r-devel-linux-x86_64-debian-gcc | 1.3.0 | 2.87 | 40.72 | 43.59 | NOTE | |
r-devel-linux-x86_64-fedora-clang | 1.3.0 | 76.51 | NOTE | |||
r-devel-linux-x86_64-fedora-gcc | 1.3.0 | 72.29 | NOTE | |||
r-devel-windows-x86_64 | 1.3.0 | 3.00 | 68.00 | 71.00 | NOTE | |
r-patched-linux-x86_64 | 1.3.0 | 3.16 | 54.16 | 57.32 | NOTE | |
r-release-linux-x86_64 | 1.3.0 | 3.50 | 53.31 | 56.81 | NOTE | |
r-release-macos-arm64 | 1.3.0 | 25.00 | NOTE | |||
r-release-macos-x86_64 | 1.3.0 | 41.00 | NOTE | |||
r-release-windows-x86_64 | 1.3.0 | 4.00 | 67.00 | 71.00 | NOTE | |
r-oldrel-macos-arm64 | 1.3.0 | 25.00 | NOTE | |||
r-oldrel-macos-x86_64 | 1.3.0 | 45.00 | NOTE | |||
r-oldrel-windows-x86_64 | 1.3.0 | 4.00 | 73.00 | 77.00 | NOTE |
Version: 1.3.0
Check: package subdirectories
Result: NOTE
Problems with news in ‘NEWS.md’:
No news entries found.
Flavors: r-devel-linux-x86_64-debian-clang, r-devel-linux-x86_64-debian-gcc, r-devel-linux-x86_64-fedora-clang, r-devel-linux-x86_64-fedora-gcc, r-devel-windows-x86_64, r-patched-linux-x86_64, r-release-linux-x86_64, r-release-macos-arm64, r-release-macos-x86_64, r-release-windows-x86_64, r-oldrel-macos-arm64, r-oldrel-macos-x86_64, r-oldrel-windows-x86_64