Last updated on 2024-08-16 12:49:07 CEST.
Flavor | Version | Tinstall | Tcheck | Ttotal | Status | Flags |
---|---|---|---|---|---|---|
r-devel-linux-x86_64-debian-clang | 0.5.0 | 428.69 | 254.64 | 683.33 | NOTE | |
r-devel-linux-x86_64-debian-gcc | 0.5.0 | 378.23 | 214.38 | 592.61 | NOTE | |
r-devel-linux-x86_64-fedora-clang | 0.5.0 | 1073.36 | NOTE | |||
r-devel-linux-x86_64-fedora-gcc | 0.5.0 | 1526.69 | NOTE | |||
r-devel-windows-x86_64 | 0.5.0 | 405.00 | 345.00 | 750.00 | NOTE | |
r-patched-linux-x86_64 | 0.5.0 | 529.75 | 288.47 | 818.22 | NOTE | |
r-release-linux-x86_64 | 0.5.0 | 522.62 | 291.57 | 814.19 | NOTE | |
r-release-macos-arm64 | 0.5.0 | 265.00 | NOTE | |||
r-release-macos-x86_64 | 0.5.0 | 284.00 | NOTE | |||
r-release-windows-x86_64 | 0.5.0 | 413.00 | 346.00 | 759.00 | NOTE | |
r-oldrel-macos-arm64 | 0.5.0 | 299.00 | NOTE | |||
r-oldrel-macos-x86_64 | 0.5.0 | 386.00 | NOTE | |||
r-oldrel-windows-x86_64 | 0.5.0 | 545.00 | 434.00 | 979.00 | NOTE |
Version: 0.5.0
Check: for GNU extensions in Makefiles
Result: NOTE
GNU make is a SystemRequirements.
Flavors: r-devel-linux-x86_64-debian-clang, r-devel-linux-x86_64-debian-gcc, r-devel-linux-x86_64-fedora-clang, r-devel-linux-x86_64-fedora-gcc, r-devel-windows-x86_64, r-patched-linux-x86_64, r-release-linux-x86_64, r-release-macos-arm64, r-release-macos-x86_64, r-release-windows-x86_64, r-oldrel-macos-arm64, r-oldrel-macos-x86_64, r-oldrel-windows-x86_64
Version: 0.5.0
Check: installed package size
Result: NOTE
installed size is 6.2Mb
sub-directories of 1Mb or more:
libs 5.0Mb
Flavors: r-devel-linux-x86_64-fedora-clang, r-devel-windows-x86_64, r-release-macos-arm64, r-release-macos-x86_64, r-release-windows-x86_64, r-oldrel-macos-arm64, r-oldrel-macos-x86_64, r-oldrel-windows-x86_64