Last updated on 2024-07-19 06:50:13 CEST.
Flavor | Version | Tinstall | Tcheck | Ttotal | Status | Flags |
---|---|---|---|---|---|---|
r-devel-linux-x86_64-debian-clang | 0.1.3 | 11.73 | 144.03 | 155.76 | NOTE | |
r-devel-linux-x86_64-debian-gcc | 0.1.3 | 11.93 | 108.83 | 120.76 | NOTE | |
r-devel-linux-x86_64-fedora-clang | 0.1.3 | 200.61 | NOTE | |||
r-devel-linux-x86_64-fedora-gcc | 0.1.3 | 183.48 | NOTE | |||
r-devel-windows-x86_64 | 0.1.3 | 15.00 | 123.00 | 138.00 | NOTE | |
r-patched-linux-x86_64 | 0.1.3 | 15.65 | 138.13 | 153.78 | NOTE | |
r-release-linux-x86_64 | 0.1.3 | 13.13 | 139.71 | 152.84 | NOTE | |
r-release-macos-arm64 | 0.1.3 | 57.00 | NOTE | |||
r-release-macos-x86_64 | 0.1.3 | 78.00 | NOTE | |||
r-release-windows-x86_64 | 0.1.3 | 14.00 | 124.00 | 138.00 | NOTE | |
r-oldrel-macos-arm64 | 0.1.3 | 64.00 | OK | |||
r-oldrel-macos-x86_64 | 0.1.3 | 103.00 | OK | |||
r-oldrel-windows-x86_64 | 0.1.3 | 17.00 | 151.00 | 168.00 | OK |
Version: 0.1.3
Check: Rd files
Result: NOTE
checkRd: (-1) dist.evaluate.core.Rd:26: Lost braces; missing escapes or markup?
26 | the \code{names} column in {data} as labels. If \code{NULL} (default),
| ^
Flavors: r-devel-linux-x86_64-debian-clang, r-devel-linux-x86_64-debian-gcc, r-devel-linux-x86_64-fedora-clang, r-devel-linux-x86_64-fedora-gcc, r-devel-windows-x86_64, r-patched-linux-x86_64, r-release-linux-x86_64, r-release-macos-arm64, r-release-macos-x86_64, r-release-windows-x86_64