Last updated on 2024-07-22 21:56:28 CEST.
Flavor | Version | Tinstall | Tcheck | Ttotal | Status | Flags |
---|---|---|---|---|---|---|
r-devel-linux-x86_64-debian-clang | 1.0.3 | 159.11 | 51.95 | 211.06 | OK | |
r-devel-linux-x86_64-debian-gcc | 1.0.3 | 107.03 | 50.87 | 157.90 | OK | |
r-devel-linux-x86_64-fedora-clang | 1.0.3 | 299.20 | OK | |||
r-devel-linux-x86_64-fedora-gcc | 1.0.3 | 325.84 | OK | |||
r-devel-windows-x86_64 | 1.0.3 | 118.00 | 84.00 | 202.00 | OK | |
r-patched-linux-x86_64 | 1.0.3 | 146.78 | 63.81 | 210.59 | OK | |
r-release-linux-x86_64 | 1.0.3 | 140.00 | 64.01 | 204.01 | OK | |
r-release-macos-arm64 | 1.0.3 | 71.00 | NOTE | |||
r-release-macos-x86_64 | 1.0.3 | 145.00 | NOTE | |||
r-release-windows-x86_64 | 1.0.3 | 128.00 | 85.00 | 213.00 | OK | |
r-oldrel-macos-arm64 | 1.0.3 | 73.00 | NOTE | |||
r-oldrel-macos-x86_64 | 1.0.3 | 159.00 | NOTE | |||
r-oldrel-windows-x86_64 | 1.0.3 | 160.00 | 103.00 | 263.00 | OK |
Version: 1.0.3
Check: installed package size
Result: NOTE
installed size is 33.8Mb
sub-directories of 1Mb or more:
libs 33.6Mb
Flavors: r-release-macos-arm64, r-release-macos-x86_64, r-oldrel-macos-arm64, r-oldrel-macos-x86_64