Last updated on 2024-07-13 12:48:18 CEST.
Flavor | Version | Tinstall | Tcheck | Ttotal | Status | Flags |
---|---|---|---|---|---|---|
r-devel-linux-x86_64-debian-clang | 1.0.3 | 608.94 | 167.83 | 776.77 | OK | |
r-devel-linux-x86_64-debian-gcc | 1.0.3 | 450.39 | 152.22 | 602.61 | OK | |
r-devel-linux-x86_64-fedora-clang | 1.0.3 | 999.64 | OK | |||
r-devel-linux-x86_64-fedora-gcc | 1.0.3 | 1219.34 | OK | |||
r-devel-windows-x86_64 | 1.0.3 | 391.00 | 170.00 | 561.00 | OK | |
r-patched-linux-x86_64 | 1.0.3 | 403.75 | 200.48 | 604.23 | OK | |
r-release-linux-x86_64 | 1.0.3 | 416.51 | 198.67 | 615.18 | OK | |
r-release-macos-arm64 | 1.0.3 | 221.00 | NOTE | |||
r-release-macos-x86_64 | 1.0.3 | 199.00 | NOTE | |||
r-release-windows-x86_64 | 1.0.3 | 391.00 | 165.00 | 556.00 | OK | |
r-oldrel-macos-arm64 | 1.0.3 | 205.00 | NOTE | |||
r-oldrel-macos-x86_64 | 1.0.3 | 217.00 | NOTE | |||
r-oldrel-windows-x86_64 | 1.0.3 | 478.00 | 209.00 | 687.00 | OK |
Version: 1.0.3
Check: installed package size
Result: NOTE
installed size is 40.0Mb
sub-directories of 1Mb or more:
libs 39.5Mb
Flavors: r-release-macos-arm64, r-release-macos-x86_64, r-oldrel-macos-arm64, r-oldrel-macos-x86_64