Last updated on 2024-06-10 06:50:11 CEST.
Flavor | Version | Tinstall | Tcheck | Ttotal | Status | Flags |
---|---|---|---|---|---|---|
r-devel-linux-x86_64-debian-clang | 2.1.0 | 22.95 | 60.24 | 83.19 | OK | |
r-devel-linux-x86_64-debian-gcc | 2.1.0 | 15.13 | 47.02 | 62.15 | OK | |
r-devel-linux-x86_64-fedora-clang | 2.1.0 | 111.77 | NOTE | |||
r-devel-linux-x86_64-fedora-gcc | 2.1.0 | 119.80 | NOTE | |||
r-devel-windows-x86_64 | 2.1.0 | 19.00 | 117.00 | 136.00 | OK | |
r-patched-linux-x86_64 | 2.1.0 | 17.56 | 56.87 | 74.43 | OK | |
r-release-linux-x86_64 | 2.1.0 | 19.05 | 58.38 | 77.43 | OK | |
r-release-macos-arm64 | 2.1.0 | 49.00 | OK | |||
r-release-macos-x86_64 | 2.1.0 | 98.00 | OK | |||
r-release-windows-x86_64 | 2.1.0 | 19.00 | 117.00 | 136.00 | OK | |
r-oldrel-macos-arm64 | 2.1.0 | 52.00 | OK | |||
r-oldrel-macos-x86_64 | 2.1.0 | 77.00 | OK | |||
r-oldrel-windows-x86_64 | 2.1.0 | 23.00 | 117.00 | 140.00 | OK |
Version: 2.1.0
Check: dependencies in R code
Result: NOTE
Namespace in Imports field not imported from: ‘doParallel’
All declared Imports should be used.
Flavors: r-devel-linux-x86_64-fedora-clang, r-devel-linux-x86_64-fedora-gcc