Last updated on 2024-06-08 06:50:50 CEST.
Flavor | Version | Tinstall | Tcheck | Ttotal | Status | Flags |
---|---|---|---|---|---|---|
r-devel-linux-x86_64-debian-clang | 0.8.4 | 124.35 | 48.95 | 173.30 | NOTE | |
r-devel-linux-x86_64-debian-gcc | 0.8.4 | 73.74 | 37.66 | 111.40 | NOTE | |
r-devel-linux-x86_64-fedora-clang | 0.8.4 | 259.53 | NOTE | |||
r-devel-linux-x86_64-fedora-gcc | 0.8.4 | 253.02 | NOTE | |||
r-devel-windows-x86_64 | 0.8.4 | 85.00 | 94.00 | 179.00 | NOTE | |
r-patched-linux-x86_64 | 0.8.4 | 96.29 | 48.00 | 144.29 | NOTE | |
r-release-linux-x86_64 | 0.8.4 | 98.49 | 48.77 | 147.26 | NOTE | |
r-release-macos-arm64 | 0.8.4 | 55.00 | NOTE | |||
r-release-macos-x86_64 | 0.8.4 | 71.00 | NOTE | |||
r-release-windows-x86_64 | 0.8.4 | 86.00 | 102.00 | 188.00 | NOTE | |
r-oldrel-macos-arm64 | 0.8.4 | 57.00 | OK | |||
r-oldrel-macos-x86_64 | 0.8.4 | 109.00 | OK | |||
r-oldrel-windows-x86_64 | 0.8.4 | 110.00 | 101.00 | 211.00 | OK |
Version: 0.8.4
Check: Rd files
Result: NOTE
checkRd: (-1) laf_open.Rd:10: Lost braces; missing escapes or markup?
10 | \item{model}{a {data model}, such as one returned by \link{read_dm} or
| ^
Flavors: r-devel-linux-x86_64-debian-clang, r-devel-linux-x86_64-debian-gcc, r-devel-linux-x86_64-fedora-clang, r-devel-linux-x86_64-fedora-gcc, r-devel-windows-x86_64, r-patched-linux-x86_64, r-release-linux-x86_64, r-release-macos-arm64, r-release-macos-x86_64, r-release-windows-x86_64