Last updated on 2024-08-16 06:50:04 CEST.
Flavor | Version | Tinstall | Tcheck | Ttotal | Status | Flags |
---|---|---|---|---|---|---|
r-devel-linux-x86_64-debian-clang | 1.4.0 | 21.54 | 259.63 | 281.17 | OK | |
r-devel-linux-x86_64-debian-gcc | 1.4.0 | 13.74 | 173.73 | 187.47 | OK | |
r-devel-linux-x86_64-fedora-clang | 1.4.0 | 450.38 | OK | |||
r-devel-linux-x86_64-fedora-gcc | 1.4.0 | 445.96 | OK | |||
r-devel-windows-x86_64 | 1.4.0 | 24.00 | 246.00 | 270.00 | OK | |
r-patched-linux-x86_64 | 1.4.0 | 20.16 | 246.34 | 266.50 | OK | |
r-release-linux-x86_64 | 1.4.0 | 19.84 | 248.54 | 268.38 | OK | |
r-release-macos-arm64 | 1.4.0 | 122.00 | NOTE | |||
r-release-macos-x86_64 | 1.4.0 | 193.00 | NOTE | |||
r-release-windows-x86_64 | 1.4.0 | 24.00 | 245.00 | 269.00 | OK | |
r-oldrel-macos-arm64 | 1.4.0 | 135.00 | NOTE | |||
r-oldrel-macos-x86_64 | 1.4.0 | 214.00 | NOTE | |||
r-oldrel-windows-x86_64 | 1.4.0 | 30.00 | 314.00 | 344.00 | NOTE |
Version: 1.4.0
Check: package dependencies
Result: NOTE
Packages suggested but not available for checking:
'BSgenome.Hsapiens.NCBI.GRCh38', 'org.Mm.eg.db', 'wiggleplotr'
Flavors: r-release-macos-arm64, r-oldrel-macos-x86_64
Version: 1.4.0
Check: package dependencies
Result: NOTE
Packages suggested but not available for checking:
'BSgenome.Hsapiens.NCBI.GRCh38', 'wiggleplotr'
Flavor: r-release-macos-x86_64
Version: 1.4.0
Check: package dependencies
Result: NOTE
Packages suggested but not available for checking:
'BSgenome.Hsapiens.NCBI.GRCh38', 'clusterProfiler', 'org.Mm.eg.db',
'wiggleplotr'
Flavor: r-oldrel-macos-arm64
Version: 1.4.0
Check: package dependencies
Result: NOTE
Package suggested but not available for checking: 'BSgenome.Hsapiens.NCBI.GRCh38'
Flavor: r-oldrel-windows-x86_64