Last updated on 2024-07-20 12:48:14 CEST.
Flavor | Version | Tinstall | Tcheck | Ttotal | Status | Flags |
---|---|---|---|---|---|---|
r-devel-linux-x86_64-debian-clang | 0.1.2 | 3.91 | 57.17 | 61.08 | OK | |
r-devel-linux-x86_64-debian-gcc | 0.1.2 | 2.69 | 41.99 | 44.68 | OK | |
r-devel-linux-x86_64-fedora-clang | 0.1.2 | 74.69 | NOTE | |||
r-devel-linux-x86_64-fedora-gcc | 0.1.2 | 70.36 | NOTE | |||
r-devel-windows-x86_64 | 0.1.2 | 5.00 | 66.00 | 71.00 | OK | |
r-patched-linux-x86_64 | 0.1.2 | 3.51 | 54.57 | 58.08 | OK | |
r-release-linux-x86_64 | 0.1.2 | 4.78 | 52.83 | 57.61 | OK | |
r-release-macos-arm64 | 0.1.2 | 27.00 | OK | |||
r-release-macos-x86_64 | 0.1.2 | 39.00 | OK | |||
r-release-windows-x86_64 | 0.1.2 | 4.00 | 67.00 | 71.00 | OK | |
r-oldrel-macos-arm64 | 0.1.2 | 27.00 | OK | |||
r-oldrel-macos-x86_64 | 0.1.2 | 68.00 | OK | |||
r-oldrel-windows-x86_64 | 0.1.2 | 6.00 | 75.00 | 81.00 | OK |
Version: 0.1.2
Check: data for non-ASCII characters
Result: NOTE
Note: found 66 marked UTF-8 strings
Flavors: r-devel-linux-x86_64-fedora-clang, r-devel-linux-x86_64-fedora-gcc