Last updated on 2024-08-16 06:50:05 CEST.
Flavor | Version | Tinstall | Tcheck | Ttotal | Status | Flags |
---|---|---|---|---|---|---|
r-devel-linux-x86_64-debian-clang | 0.1.0 | 5.01 | 293.45 | 298.46 | OK | |
r-devel-linux-x86_64-debian-gcc | 0.1.0 | 3.13 | 187.13 | 190.26 | OK | |
r-devel-linux-x86_64-fedora-clang | 0.1.0 | 496.70 | OK | |||
r-devel-linux-x86_64-fedora-gcc | 0.1.0 | 480.60 | OK | |||
r-devel-windows-x86_64 | 0.1.0 | 8.00 | 323.00 | 331.00 | OK | |
r-patched-linux-x86_64 | 0.1.0 | 5.04 | 303.41 | 308.45 | OK | |
r-release-linux-x86_64 | 0.1.0 | 4.48 | 301.28 | 305.76 | OK | |
r-release-macos-arm64 | 0.1.0 | 149.00 | OK | |||
r-release-macos-x86_64 | 0.1.0 | 297.00 | OK | |||
r-release-windows-x86_64 | 0.1.0 | 7.00 | 322.00 | 329.00 | OK | |
r-oldrel-macos-arm64 | 0.1.0 | 166.00 | NOTE | |||
r-oldrel-macos-x86_64 | 0.1.0 | 297.00 | NOTE | |||
r-oldrel-windows-x86_64 | 0.1.0 | 9.00 | 344.00 | 353.00 | OK |
Version: 0.1.0
Check: package dependencies
Result: NOTE
Packages suggested but not available for checking:
'karyoploteR', 'regioneR'
Flavor: r-oldrel-macos-arm64
Version: 0.1.0
Check: package dependencies
Result: NOTE
Packages suggested but not available for checking:
'clustree', 'karyoploteR', 'regioneR'
Flavor: r-oldrel-macos-x86_64