Last updated on 2024-08-16 06:50:05 CEST.
Flavor | Version | Tinstall | Tcheck | Ttotal | Status | Flags |
---|---|---|---|---|---|---|
r-devel-linux-x86_64-debian-clang | 1.0.1.1 | 8.96 | 137.37 | 146.33 | NOTE | |
r-devel-linux-x86_64-debian-gcc | 1.0.1.1 | 6.38 | 105.79 | 112.17 | NOTE | |
r-devel-linux-x86_64-fedora-clang | 1.0.1.1 | 245.54 | OK | |||
r-devel-linux-x86_64-fedora-gcc | 1.0.1.1 | 236.32 | OK | |||
r-devel-windows-x86_64 | 1.0.1.1 | 11.00 | 264.00 | 275.00 | NOTE | |
r-patched-linux-x86_64 | 1.0.1.1 | 16.38 | 128.70 | 145.08 | OK | |
r-release-linux-x86_64 | 1.0.1.1 | 7.27 | 131.45 | 138.72 | OK | |
r-release-macos-arm64 | 1.0.1.1 | 79.00 | OK | |||
r-release-macos-x86_64 | 1.0.1.1 | 114.00 | OK | |||
r-release-windows-x86_64 | 1.0.1.1 | 12.00 | 262.00 | 274.00 | OK | |
r-oldrel-macos-arm64 | 1.0.1.1 | 77.00 | OK | |||
r-oldrel-macos-x86_64 | 1.0.1.1 | 102.00 | OK | |||
r-oldrel-windows-x86_64 | 1.0.1.1 | 14.00 | 249.00 | 263.00 | OK |
Version: 1.0.1.1
Check: Rd cross-references
Result: NOTE
Found the following Rd file(s) with Rd \link{} targets missing package
anchors:
nmds.calc.Rd: monoMDS, vegan
plot3Dpoints.Rd: plot3D
Please provide package anchors for all Rd \link{} targets not in the
package itself and the base packages.
Flavors: r-devel-linux-x86_64-debian-clang, r-devel-linux-x86_64-debian-gcc, r-devel-windows-x86_64