Last updated on 2024-07-20 06:49:26 CEST.
Flavor | Version | Tinstall | Tcheck | Ttotal | Status | Flags |
---|---|---|---|---|---|---|
r-devel-linux-x86_64-debian-clang | 10.8.2 | 47.83 | 174.32 | 222.15 | NOTE | |
r-devel-linux-x86_64-debian-gcc | 10.8.2 | 36.99 | 132.11 | 169.10 | NOTE | |
r-devel-linux-x86_64-fedora-clang | 10.8.2 | 354.35 | NOTE | |||
r-devel-linux-x86_64-fedora-gcc | 10.8.2 | 323.41 | NOTE | |||
r-devel-windows-x86_64 | 10.8.2 | 55.00 | 161.00 | 216.00 | NOTE | |
r-patched-linux-x86_64 | 10.8.2 | 61.29 | 170.00 | 231.29 | NOTE | |
r-release-linux-x86_64 | 10.8.2 | 51.43 | 166.93 | 218.36 | NOTE | |
r-release-macos-arm64 | 10.8.2 | 91.00 | NOTE | |||
r-release-macos-x86_64 | 10.8.2 | 119.00 | NOTE | |||
r-release-windows-x86_64 | 10.8.2 | 61.00 | 157.00 | 218.00 | NOTE | |
r-oldrel-macos-arm64 | 10.8.2 | 87.00 | NOTE | |||
r-oldrel-macos-x86_64 | 10.8.2 | 202.00 | NOTE | |||
r-oldrel-windows-x86_64 | 10.8.2 | 72.00 | 192.00 | 264.00 | NOTE |
Version: 10.8.2
Check: for GNU extensions in Makefiles
Result: NOTE
GNU make is a SystemRequirements.
Flavors: r-devel-linux-x86_64-debian-clang, r-devel-linux-x86_64-debian-gcc, r-devel-linux-x86_64-fedora-clang, r-devel-linux-x86_64-fedora-gcc, r-devel-windows-x86_64, r-patched-linux-x86_64, r-release-linux-x86_64, r-release-macos-arm64, r-release-macos-x86_64, r-release-windows-x86_64, r-oldrel-macos-arm64, r-oldrel-macos-x86_64, r-oldrel-windows-x86_64
Version: 10.8.2
Check: Rd cross-references
Result: NOTE
Found the following Rd file(s) with Rd \link{} targets missing package
anchors:
NNS.ARMA.Rd: data.table
NNS.copula.Rd: plot3d
NNS.part.Rd: data.table
NNS.reg.Rd: data.table
Please provide package anchors for all Rd \link{} targets not in the
package itself and the base packages.
Flavor: r-devel-windows-x86_64