Last updated on 2024-06-29 12:48:24 CEST.
Flavor | Version | Tinstall | Tcheck | Ttotal | Status | Flags |
---|---|---|---|---|---|---|
r-devel-linux-x86_64-debian-clang | 0.8-9 | 290.88 | 362.08 | 652.96 | NOTE | |
r-devel-linux-x86_64-debian-gcc | 0.8-9 | 211.65 | 268.55 | 480.20 | NOTE | |
r-devel-linux-x86_64-fedora-clang | 0.8-9 | 795.16 | NOTE | |||
r-devel-linux-x86_64-fedora-gcc | 0.8-9 | 896.20 | NOTE | |||
r-devel-windows-x86_64 | 0.8-9 | 203.00 | 288.00 | 491.00 | NOTE | |
r-patched-linux-x86_64 | 0.8-9 | 176.83 | 367.69 | 544.52 | NOTE | |
r-release-linux-x86_64 | 0.8-9 | 198.23 | 365.57 | 563.80 | NOTE | |
r-release-macos-arm64 | 0.8-9 | 173.00 | NOTE | |||
r-release-macos-x86_64 | 0.8-9 | 269.00 | NOTE | |||
r-release-windows-x86_64 | 0.8-9 | 196.00 | 282.00 | 478.00 | NOTE | |
r-oldrel-macos-arm64 | 0.8-9 | 149.00 | NOTE | |||
r-oldrel-macos-x86_64 | 0.8-9 | 400.00 | NOTE | |||
r-oldrel-windows-x86_64 | 0.8-9 | 274.00 | 373.00 | 647.00 | NOTE |
Version: 0.8-9
Check: package dependencies
Result: NOTE
Package suggested but not available for checking: ‘cmdstanr’
Flavors: r-devel-linux-x86_64-debian-clang, r-devel-linux-x86_64-debian-gcc, r-devel-linux-x86_64-fedora-clang, r-devel-linux-x86_64-fedora-gcc, r-devel-windows-x86_64, r-patched-linux-x86_64, r-release-linux-x86_64, r-release-macos-arm64, r-release-macos-x86_64, r-release-windows-x86_64, r-oldrel-macos-arm64, r-oldrel-macos-x86_64, r-oldrel-windows-x86_64
Version: 0.8-9
Check: Rd files
Result: NOTE
checkRd: (-1) summary.blrm_trial.Rd:20: Lost braces in \itemize; meant \describe ?
checkRd: (-1) summary.blrm_trial.Rd:21: Lost braces in \itemize; meant \describe ?
checkRd: (-1) summary.blrm_trial.Rd:22: Lost braces in \itemize; meant \describe ?
checkRd: (-1) summary.blrm_trial.Rd:23: Lost braces in \itemize; meant \describe ?
checkRd: (-1) summary.blrm_trial.Rd:24: Lost braces in \itemize; meant \describe ?
checkRd: (-1) summary.blrm_trial.Rd:25: Lost braces in \itemize; meant \describe ?
checkRd: (-1) summary.blrm_trial.Rd:26: Lost braces in \itemize; meant \describe ?
checkRd: (-1) summary.blrm_trial.Rd:27: Lost braces in \itemize; meant \describe ?
checkRd: (-1) summary.blrm_trial.Rd:28-29: Lost braces in \itemize; meant \describe ?
checkRd: (-1) summary.blrm_trial.Rd:30: Lost braces in \itemize; meant \describe ?
checkRd: (-1) summary.blrm_trial.Rd:31-33: Lost braces in \itemize; meant \describe ?
checkRd: (-1) summary.blrm_trial.Rd:34: Lost braces in \itemize; meant \describe ?
Flavors: r-devel-linux-x86_64-debian-clang, r-devel-linux-x86_64-debian-gcc, r-devel-linux-x86_64-fedora-clang, r-devel-linux-x86_64-fedora-gcc, r-devel-windows-x86_64, r-patched-linux-x86_64, r-release-linux-x86_64, r-release-macos-arm64, r-release-macos-x86_64, r-release-windows-x86_64
Version: 0.8-9
Check: for GNU extensions in Makefiles
Result: NOTE
GNU make is a SystemRequirements.
Flavors: r-devel-linux-x86_64-debian-clang, r-devel-linux-x86_64-debian-gcc, r-devel-linux-x86_64-fedora-clang, r-devel-linux-x86_64-fedora-gcc, r-devel-windows-x86_64, r-patched-linux-x86_64, r-release-linux-x86_64, r-release-macos-arm64, r-release-macos-x86_64, r-release-windows-x86_64, r-oldrel-macos-arm64, r-oldrel-macos-x86_64, r-oldrel-windows-x86_64
Version: 0.8-9
Check: installed package size
Result: NOTE
installed size is 5.3Mb
sub-directories of 1Mb or more:
libs 3.3Mb
Flavors: r-devel-linux-x86_64-fedora-clang, r-release-macos-arm64, r-release-macos-x86_64, r-oldrel-macos-arm64, r-oldrel-macos-x86_64