Last updated on 2024-07-20 06:49:26 CEST.
Flavor | Version | Tinstall | Tcheck | Ttotal | Status | Flags |
---|---|---|---|---|---|---|
r-devel-linux-x86_64-debian-clang | 1.2.10 | 40.85 | 249.46 | 290.31 | OK | |
r-devel-linux-x86_64-debian-gcc | 1.2.10 | 30.23 | 203.10 | 233.33 | OK | |
r-devel-linux-x86_64-fedora-clang | 1.2.10 | 401.24 | OK | |||
r-devel-linux-x86_64-fedora-gcc | 1.2.10 | 404.93 | OK | |||
r-devel-windows-x86_64 | 1.2.10 | 37.00 | 204.00 | 241.00 | NOTE | |
r-patched-linux-x86_64 | 1.2.10 | 44.25 | 257.15 | 301.40 | OK | |
r-release-linux-x86_64 | 1.2.10 | 27.97 | 258.21 | 286.18 | OK | |
r-release-macos-arm64 | 1.2.10 | 101.00 | OK | |||
r-release-macos-x86_64 | 1.2.10 | 147.00 | OK | |||
r-release-windows-x86_64 | 1.2.10 | 39.00 | 208.00 | 247.00 | OK | |
r-oldrel-macos-arm64 | 1.2.10 | 97.00 | OK | |||
r-oldrel-macos-x86_64 | 1.2.10 | 204.00 | OK | |||
r-oldrel-windows-x86_64 | 1.2.10 | 52.00 | 266.00 | 318.00 | OK |
Version: 1.2.10
Check: Rd cross-references
Result: NOTE
Found the following Rd file(s) with Rd \link{} targets missing package
anchors:
plot.PAFit_net.Rd: plot.network.default
Please provide package anchors for all Rd \link{} targets not in the
package itself and the base packages.
Flavor: r-devel-windows-x86_64