Last updated on 2024-08-16 06:50:08 CEST.
Flavor | Version | Tinstall | Tcheck | Ttotal | Status | Flags |
---|---|---|---|---|---|---|
r-devel-linux-x86_64-debian-clang | 1.1.1 | 1.96 | 28.89 | 30.85 | NOTE | |
r-devel-linux-x86_64-debian-gcc | 1.1.1 | 1.80 | 22.88 | 24.68 | NOTE | |
r-devel-linux-x86_64-fedora-clang | 1.1.1 | 51.15 | NOTE | |||
r-devel-linux-x86_64-fedora-gcc | 1.1.1 | 63.33 | NOTE | |||
r-devel-windows-x86_64 | 1.1.1 | 5.00 | 51.00 | 56.00 | NOTE | |
r-patched-linux-x86_64 | 1.1.1 | 2.45 | 27.93 | 30.38 | NOTE | |
r-release-linux-x86_64 | 1.1.1 | 2.32 | 28.15 | 30.47 | NOTE | |
r-release-macos-arm64 | 1.1.1 | 29.00 | NOTE | |||
r-release-macos-x86_64 | 1.1.1 | 39.00 | NOTE | |||
r-release-windows-x86_64 | 1.1.1 | 5.00 | 51.00 | 56.00 | NOTE | |
r-oldrel-macos-arm64 | 1.1.1 | 27.00 | NOTE | |||
r-oldrel-macos-x86_64 | 1.1.1 | 56.00 | NOTE | |||
r-oldrel-windows-x86_64 | 1.1.1 | 5.00 | 53.00 | 58.00 | NOTE |
Version: 1.1.1
Check: LazyData
Result: NOTE
'LazyData' is specified without a 'data' directory
Flavors: r-devel-linux-x86_64-debian-clang, r-devel-linux-x86_64-debian-gcc, r-devel-linux-x86_64-fedora-clang, r-devel-linux-x86_64-fedora-gcc, r-devel-windows-x86_64, r-patched-linux-x86_64, r-release-linux-x86_64, r-release-macos-arm64, r-release-macos-x86_64, r-release-windows-x86_64, r-oldrel-macos-arm64, r-oldrel-macos-x86_64, r-oldrel-windows-x86_64
Version: 1.1.1
Check: installed package size
Result: NOTE
installed size is 5.0Mb
sub-directories of 1Mb or more:
doc 4.8Mb
Flavor: r-devel-linux-x86_64-fedora-clang